CRAN Package Check Results for Package eAnalytics

Last updated on 2023-04-02 00:57:30 CEST.

Flavor Version Tinstall Tcheck Ttotal Status Flags
r-devel-linux-x86_64-debian-clang 0.1.4 11.35 79.12 90.47 NOTE
r-devel-linux-x86_64-debian-gcc 0.1.4 7.96 60.13 68.09 NOTE
r-devel-linux-x86_64-fedora-clang 0.1.4 111.03 NOTE
r-devel-linux-x86_64-fedora-gcc 0.1.4 124.97 NOTE
r-devel-windows-x86_64 0.1.4 17.00 110.00 127.00 NOTE
r-patched-linux-x86_64 0.1.4 9.90 74.06 83.96 NOTE
r-release-linux-x86_64 0.1.4 6.54 79.18 85.72 NOTE
r-release-macos-arm64 0.1.4 45.00 NOTE
r-release-macos-x86_64 0.1.4 63.00 NOTE
r-release-windows-x86_64 0.1.4 20.00 121.00 141.00 NOTE
r-oldrel-macos-arm64 0.1.4 39.00 NOTE
r-oldrel-macos-x86_64 0.1.4 65.00 NOTE
r-oldrel-windows-ix86+x86_64 0.1.4 32.00 113.00 145.00 NOTE

Check Details

Version: 0.1.4
Check: LazyData
Result: NOTE
     'LazyData' is specified without a 'data' directory
Flavors: r-devel-linux-x86_64-debian-clang, r-devel-linux-x86_64-debian-gcc, r-devel-linux-x86_64-fedora-clang, r-devel-linux-x86_64-fedora-gcc, r-devel-windows-x86_64, r-patched-linux-x86_64, r-release-linux-x86_64, r-release-macos-arm64, r-release-macos-x86_64, r-release-windows-x86_64, r-oldrel-macos-arm64, r-oldrel-macos-x86_64, r-oldrel-windows-ix86+x86_64

Version: 0.1.4
Check: R code for possible problems
Result: NOTE
    Initiating curl with CURL_SSL_BACKEND: openssl
Flavor: r-oldrel-windows-ix86+x86_64