CRAN Package Check Results for Package dynr

Last updated on 2024-06-14 00:53:40 CEST.

Flavor Version Tinstall Tcheck Ttotal Status Flags
r-devel-linux-x86_64-debian-clang 0.1.16-105 37.35 256.78 294.13 OK
r-devel-linux-x86_64-debian-gcc 0.1.16-105 0.97 1.95 2.92 ERROR
r-devel-linux-x86_64-fedora-clang 0.1.16-105 390.24 NOTE
r-devel-linux-x86_64-fedora-gcc 0.1.16-105 374.68 OK
r-devel-windows-x86_64 0.1.16-105 57.00 234.00 291.00 NOTE
r-patched-linux-x86_64 0.1.16-105 48.50 255.33 303.83 OK
r-release-linux-x86_64 0.1.16-105 33.78 248.92 282.70 OK
r-release-macos-arm64 0.1.16-105 129.00 NOTE
r-release-macos-x86_64 0.1.16-105 180.00 NOTE
r-release-windows-x86_64 0.1.16-105 60.00 234.00 294.00 NOTE
r-oldrel-macos-arm64 0.1.16-105 98.00 NOTE
r-oldrel-macos-x86_64 0.1.16-105 184.00 NOTE
r-oldrel-windows-x86_64 0.1.16-105 69.00 272.00 341.00 NOTE

Check Details

Version: 0.1.16-105
Check: package dependencies
Result: ERROR Packages required but not available: 'ggplot2', 'latex2exp', 'reshape2', 'mice', 'fda', 'car', 'tibble' Packages suggested but not available for checking: 'testthat', 'roxygen2' See section ‘The DESCRIPTION file’ in the ‘Writing R Extensions’ manual. Flavor: r-devel-linux-x86_64-debian-gcc

Version: 0.1.16-105
Check: installed package size
Result: NOTE installed size is 5.3Mb sub-directories of 1Mb or more: data 2.5Mb doc 1.4Mb Flavors: r-devel-linux-x86_64-fedora-clang, r-devel-windows-x86_64, r-release-macos-arm64, r-release-macos-x86_64, r-release-windows-x86_64, r-oldrel-macos-arm64, r-oldrel-macos-x86_64, r-oldrel-windows-x86_64