CRAN Package Check Results for Package dynlm

Last updated on 2021-02-23 23:50:33 CET.

Flavor Version Tinstall Tcheck Ttotal Status Flags
r-devel-linux-x86_64-debian-clang 0.3-6 5.17 48.77 53.94 OK
r-devel-linux-x86_64-debian-gcc 0.3-6 4.55 37.28 41.83 OK
r-devel-linux-x86_64-fedora-clang 0.3-6 75.74 OK
r-devel-linux-x86_64-fedora-gcc 0.3-6 63.28 OK
r-devel-windows-ix86+x86_64 0.3-6 11.00 48.00 59.00 OK
r-patched-linux-x86_64 0.3-6 5.17 46.90 52.07 OK
r-patched-solaris-x86 0.3-6 99.40 OK
r-release-linux-x86_64 0.3-6 5.38 45.44 50.82 OK
r-release-macos-x86_64 0.3-6 NOTE
r-release-windows-ix86+x86_64 0.3-6 15.00 70.00 85.00 OK
r-oldrel-macos-x86_64 0.3-6 OK
r-oldrel-windows-ix86+x86_64 0.3-6 8.00 64.00 72.00 OK

Check Details

Version: 0.3-6
Check: package dependencies
Result: NOTE
    Package suggested but not available for checking: ‘TSA’
Flavor: r-release-macos-x86_64