CRAN Package Check Results for Package dynlm

Last updated on 2020-05-24 23:47:42 CEST.

Flavor Version Tinstall Tcheck Ttotal Status Flags
r-devel-linux-x86_64-debian-clang 0.3-6 5.20 43.06 48.26 NOTE
r-devel-linux-x86_64-debian-gcc 0.3-6 5.00 33.21 38.21 NOTE
r-devel-linux-x86_64-fedora-clang 0.3-6 69.96 NOTE
r-devel-linux-x86_64-fedora-gcc 0.3-6 57.90 NOTE
r-devel-windows-ix86+x86_64 0.3-6 21.00 59.00 80.00 OK
r-patched-linux-x86_64 0.3-6 5.68 42.71 48.39 NOTE
r-patched-solaris-x86 0.3-6 98.60 NOTE
r-release-linux-x86_64 0.3-6 5.24 42.22 47.46 NOTE
r-release-osx-x86_64 0.3-6 OK
r-release-windows-ix86+x86_64 0.3-6 12.00 85.00 97.00 OK
r-oldrel-osx-x86_64 0.3-6 OK
r-oldrel-windows-ix86+x86_64 0.3-6 14.00 80.00 94.00 OK

Check Details

Version: 0.3-6
Check: package dependencies
Result: NOTE
    Package suggested but not available for checking: 'TSA'
Flavors: r-devel-linux-x86_64-debian-clang, r-devel-linux-x86_64-debian-gcc, r-devel-linux-x86_64-fedora-clang, r-devel-linux-x86_64-fedora-gcc, r-patched-linux-x86_64, r-patched-solaris-x86, r-release-linux-x86_64