CRAN Package Check Results for Package dynfrail

Last updated on 2019-07-15 00:50:28 CEST.

Flavor Version Tinstall Tcheck Ttotal Status Flags
r-devel-linux-x86_64-debian-clang 0.5.2 30.33 228.05 258.38 NOTE
r-devel-linux-x86_64-debian-gcc 0.5.2 24.44 176.26 200.70 NOTE
r-devel-linux-x86_64-fedora-clang 0.5.2 293.64 NOTE
r-devel-linux-x86_64-fedora-gcc 0.5.2 295.51 NOTE
r-devel-windows-ix86+x86_64 0.5.2 62.00 319.00 381.00 OK
r-patched-linux-x86_64 0.5.2 28.21 224.40 252.61 NOTE
r-patched-solaris-x86 0.5.2 504.90 OK
r-release-linux-x86_64 0.5.2 28.76 228.65 257.41 NOTE
r-release-windows-ix86+x86_64 0.5.2 63.00 310.00 373.00 OK
r-release-osx-x86_64 0.5.2 OK
r-oldrel-windows-ix86+x86_64 0.5.2 76.00 380.00 456.00 OK
r-oldrel-osx-x86_64 0.5.2 OK

Check Details

Version: 0.5.2
Check: use of SHLIB_OPENMP_*FLAGS in Makefiles
Result: NOTE
     src/Makevars: SHLIB_OPENMP_CXXFLAGS is included in PKG_CXXFLAGS but not in PKG_LIBS
     src/Makevars: SHLIB_OPENMP_CFLAGS is included in PKG_LIBS but linking is by C++
     src/Makevars.win: SHLIB_OPENMP_CXXFLAGS is included in PKG_CXXFLAGS but not in PKG_LIBS
     src/Makevars.win: SHLIB_OPENMP_CFLAGS is included in PKG_LIBS but linking is by C++
    Use of these macros is discussed in sect 1.2.1.1 of 'Writing R
    Extensions'. The macros for different languages may differ so the
    matching macro must be used in PKG_CXXFLAGS (etc) and match that used
    in PKG_LIBS (except for Fortran: see the manual).
Flavors: r-devel-linux-x86_64-debian-clang, r-devel-linux-x86_64-debian-gcc, r-devel-linux-x86_64-fedora-clang, r-devel-linux-x86_64-fedora-gcc, r-patched-linux-x86_64, r-release-linux-x86_64

Version: 0.5.2
Check: package vignettes
Result: NOTE
    Package vignette with placeholder title 'Vignette Title':
     'vignette.Rmd'
Flavors: r-devel-linux-x86_64-debian-clang, r-devel-linux-x86_64-debian-gcc