CRAN Package Check Results for Package dynfrail

Last updated on 2019-10-20 23:47:23 CEST.

Flavor Version Tinstall Tcheck Ttotal Status Flags
r-devel-linux-x86_64-debian-clang 0.5.2 35.09 202.58 237.67 NOTE
r-devel-linux-x86_64-debian-gcc 0.5.2 26.19 151.62 177.81 NOTE
r-devel-linux-x86_64-fedora-clang 0.5.2 291.06 NOTE
r-devel-linux-x86_64-fedora-gcc 0.5.2 284.63 NOTE
r-devel-windows-ix86+x86_64 0.5.2 58.00 321.00 379.00 NOTE
r-patched-linux-x86_64 0.5.2 31.79 194.68 226.47 NOTE
r-patched-solaris-x86 0.5.2 492.30 OK
r-release-linux-x86_64 0.5.2 28.97 198.95 227.92 NOTE
r-release-windows-ix86+x86_64 0.5.2 83.00 307.00 390.00 OK
r-release-osx-x86_64 0.5.2 OK
r-oldrel-windows-ix86+x86_64 0.5.2 56.00 293.00 349.00 OK
r-oldrel-osx-x86_64 0.5.2 OK

Check Details

Version: 0.5.2
Check: use of SHLIB_OPENMP_*FLAGS in Makefiles
Result: NOTE
     src/Makevars: SHLIB_OPENMP_CXXFLAGS is included in PKG_CXXFLAGS but not in PKG_LIBS
     src/Makevars: SHLIB_OPENMP_CFLAGS is included in PKG_LIBS but linking is by C++
     src/Makevars.win: SHLIB_OPENMP_CXXFLAGS is included in PKG_CXXFLAGS but not in PKG_LIBS
     src/Makevars.win: SHLIB_OPENMP_CFLAGS is included in PKG_LIBS but linking is by C++
    Use of these macros is discussed in sect 1.2.1.1 of 'Writing R
    Extensions'. The macros for different languages may differ so the
    matching macro must be used in PKG_CXXFLAGS (etc) and match that used
    in PKG_LIBS (except for Fortran: see the manual).
Flavors: r-devel-linux-x86_64-debian-clang, r-devel-linux-x86_64-debian-gcc, r-devel-linux-x86_64-fedora-clang, r-devel-linux-x86_64-fedora-gcc, r-patched-linux-x86_64, r-release-linux-x86_64

Version: 0.5.2
Check: package vignettes
Result: NOTE
    Package vignette with placeholder title 'Vignette Title':
     'vignette.Rmd'
Flavors: r-devel-linux-x86_64-debian-clang, r-devel-linux-x86_64-debian-gcc, r-devel-windows-ix86+x86_64