CRAN Package Check Results for Package dynamic

Last updated on 2024-07-25 00:51:55 CEST.

Flavor Version Tinstall Tcheck Ttotal Status Flags
r-devel-linux-x86_64-debian-clang 1.1.0 5.69 70.96 76.65 OK
r-devel-linux-x86_64-debian-gcc 1.1.0 6.56 53.23 59.79 NOTE
r-devel-linux-x86_64-fedora-clang 1.1.0 103.63 OK
r-devel-linux-x86_64-fedora-gcc 1.1.0 107.74 OK
r-devel-windows-x86_64 1.1.0 11.00 69.00 80.00 NOTE
r-patched-linux-x86_64 1.1.0 13.42 65.49 78.91 OK
r-release-linux-x86_64 1.1.0 6.25 66.67 72.92 OK
r-release-macos-arm64 1.1.0 38.00 OK
r-release-macos-x86_64 1.1.0 54.00 OK
r-release-windows-x86_64 1.1.0 9.00 69.00 78.00 OK
r-oldrel-macos-arm64 1.1.0 40.00 OK
r-oldrel-macos-x86_64 1.1.0 52.00 OK
r-oldrel-windows-x86_64 1.1.0 10.00 79.00 89.00 OK

Check Details

Version: 1.1.0
Check: Rd cross-references
Result: NOTE Found the following Rd file(s) with Rd \link{} targets missing package anchors: cfaHB.Rd: lavaan, cfa, model.syntax cfaOne.Rd: lavaan, cfa, model.syntax equivTest.Rd: lavaan exactFit.Rd: lavaan, cfa, model.syntax Please provide package anchors for all Rd \link{} targets not in the package itself and the base packages. Flavors: r-devel-linux-x86_64-debian-gcc, r-devel-windows-x86_64