Last updated on 2023-01-28 23:51:36 CET.
Flavor | Version | Tinstall | Tcheck | Ttotal | Status | Flags |
---|---|---|---|---|---|---|
r-devel-linux-x86_64-debian-clang | 1.0 | 8.44 | 57.07 | 65.51 | OK | |
r-devel-linux-x86_64-debian-gcc | 1.0 | 6.94 | 44.16 | 51.10 | OK | |
r-devel-linux-x86_64-fedora-clang | 1.0 | 83.08 | NOTE | |||
r-devel-linux-x86_64-fedora-gcc | 1.0 | 80.01 | NOTE | |||
r-devel-windows-x86_64 | 1.0 | 34.00 | 87.00 | 121.00 | OK | |
r-patched-linux-x86_64 | 1.0 | 9.77 | 52.30 | 62.07 | OK | |
r-release-linux-x86_64 | 1.0 | 6.06 | 52.52 | 58.58 | OK | |
r-release-macos-arm64 | 1.0 | 25.00 | NOTE | |||
r-release-macos-x86_64 | 1.0 | 38.00 | NOTE | |||
r-release-windows-x86_64 | 1.0 | 53.00 | 82.00 | 135.00 | OK | |
r-oldrel-macos-arm64 | 1.0 | 23.00 | NOTE | |||
r-oldrel-macos-x86_64 | 1.0 | 33.00 | NOTE | |||
r-oldrel-windows-ix86+x86_64 | 1.0 | 17.00 | 78.00 | 95.00 | OK |
Version: 1.0
Check: dependencies in R code
Result: NOTE
Namespaces in Imports field not imported from:
‘GenEst’ ‘expint’ ‘numDeriv’
All declared Imports should be used.
Flavors: r-devel-linux-x86_64-fedora-clang, r-devel-linux-x86_64-fedora-gcc, r-release-macos-arm64, r-release-macos-x86_64, r-oldrel-macos-arm64, r-oldrel-macos-x86_64