CRAN Package Check Results for Package duawranglr

Last updated on 2019-05-19 02:46:26 CEST.

Flavor Version Tinstall Tcheck Ttotal Status Flags
r-devel-linux-x86_64-debian-clang 0.6.3 2.47 28.39 30.86 OK
r-devel-linux-x86_64-debian-gcc 0.6.3 1.68 22.57 24.25 OK
r-devel-linux-x86_64-fedora-clang 0.6.3 36.64 NOTE
r-devel-linux-x86_64-fedora-gcc 0.6.3 34.75 NOTE
r-devel-windows-ix86+x86_64 0.6.3 10.00 57.00 67.00 OK
r-patched-linux-x86_64 0.6.3 2.12 27.76 29.88 OK
r-patched-solaris-x86 0.6.3 52.90 NOTE
r-release-linux-x86_64 0.6.3 2.41 27.56 29.97 OK
r-release-windows-ix86+x86_64 0.6.3 14.00 57.00 71.00 OK
r-release-osx-x86_64 0.6.3 NOTE
r-oldrel-windows-ix86+x86_64 0.6.3 14.00 59.00 73.00 OK
r-oldrel-osx-x86_64 0.6.3 NOTE

Check Details

Version: 0.6.3
Check: dependencies in R code
Result: NOTE
    Namespaces in Imports field not imported from:
     ‘digest’ ‘dplyr’
     All declared Imports should be used.
Flavors: r-devel-linux-x86_64-fedora-clang, r-devel-linux-x86_64-fedora-gcc, r-patched-solaris-x86, r-release-osx-x86_64, r-oldrel-osx-x86_64