CRAN Package Check Results for Package duawranglr

Last updated on 2020-05-24 23:47:42 CEST.

Flavor Version Tinstall Tcheck Ttotal Status Flags
r-devel-linux-x86_64-debian-clang 0.6.5 2.82 31.98 34.80 OK
r-devel-linux-x86_64-debian-gcc 0.6.5 2.02 24.34 26.36 OK
r-devel-linux-x86_64-fedora-clang 0.6.5 52.96 NOTE
r-devel-linux-x86_64-fedora-gcc 0.6.5 41.49 NOTE
r-devel-windows-ix86+x86_64 0.6.5 12.00 63.00 75.00 OK
r-patched-linux-x86_64 0.6.5 2.98 31.16 34.14 OK
r-patched-solaris-x86 0.6.5 60.00 NOTE
r-release-linux-x86_64 0.6.5 2.62 31.08 33.70 OK
r-release-osx-x86_64 0.6.5 NOTE
r-release-windows-ix86+x86_64 0.6.5 8.00 62.00 70.00 OK
r-oldrel-osx-x86_64 0.6.5 NOTE
r-oldrel-windows-ix86+x86_64 0.6.5 6.00 66.00 72.00 OK

Check Details

Version: 0.6.5
Check: dependencies in R code
Result: NOTE
    Namespaces in Imports field not imported from:
     ‘digest’ ‘dplyr’
     All declared Imports should be used.
Flavors: r-devel-linux-x86_64-fedora-clang, r-devel-linux-x86_64-fedora-gcc, r-patched-solaris-x86, r-release-osx-x86_64, r-oldrel-osx-x86_64