CRAN Package Check Results for Package duawranglr

Last updated on 2019-07-22 06:47:37 CEST.

Flavor Version Tinstall Tcheck Ttotal Status Flags
r-devel-linux-x86_64-debian-clang 0.6.3 2.08 28.74 30.82 OK
r-devel-linux-x86_64-debian-gcc 0.6.3 1.84 23.35 25.19 OK
r-devel-linux-x86_64-fedora-clang 0.6.3 36.54 NOTE
r-devel-linux-x86_64-fedora-gcc 0.6.3 35.77 NOTE
r-devel-windows-ix86+x86_64 0.6.3 5.00 95.00 100.00 OK
r-patched-linux-x86_64 0.6.3 2.32 28.25 30.57 OK
r-patched-solaris-x86 0.6.3 57.00 NOTE
r-release-linux-x86_64 0.6.3 2.07 28.14 30.21 OK
r-release-windows-ix86+x86_64 0.6.3 5.00 41.00 46.00 OK
r-release-osx-x86_64 0.6.3 NOTE
r-oldrel-windows-ix86+x86_64 0.6.3 5.00 56.00 61.00 OK
r-oldrel-osx-x86_64 0.6.3 NOTE

Check Details

Version: 0.6.3
Check: dependencies in R code
Result: NOTE
    Namespaces in Imports field not imported from:
     ‘digest’ ‘dplyr’
     All declared Imports should be used.
Flavors: r-devel-linux-x86_64-fedora-clang, r-devel-linux-x86_64-fedora-gcc, r-patched-solaris-x86, r-release-osx-x86_64, r-oldrel-osx-x86_64