CRAN Package Check Results for Package dtwclust

Last updated on 2019-07-15 00:50:28 CEST.

Flavor Version Tinstall Tcheck Ttotal Status Flags
r-devel-linux-x86_64-debian-clang 5.5.4 132.56 343.03 475.59 NOTE
r-devel-linux-x86_64-debian-gcc 5.5.4 108.99 263.69 372.68 NOTE
r-devel-linux-x86_64-fedora-clang 5.5.4 645.24 NOTE
r-devel-linux-x86_64-fedora-gcc 5.5.4 646.13 NOTE
r-devel-windows-ix86+x86_64 5.5.4 278.00 421.00 699.00 NOTE
r-patched-linux-x86_64 5.5.4 127.97 333.37 461.34 NOTE
r-patched-solaris-x86 5.5.4 790.30 NOTE
r-release-linux-x86_64 5.5.4 130.64 335.31 465.95 NOTE
r-release-windows-ix86+x86_64 5.5.4 346.00 424.00 770.00 NOTE
r-release-osx-x86_64 5.5.4 NOTE
r-oldrel-windows-ix86+x86_64 5.5.4 347.00 547.00 894.00 NOTE
r-oldrel-osx-x86_64 5.5.4 NOTE

Check Details

Version: 5.5.4
Check: for GNU extensions in Makefiles
Result: NOTE
    GNU make is a SystemRequirements.
Flavors: r-devel-linux-x86_64-debian-clang, r-devel-linux-x86_64-debian-gcc, r-devel-linux-x86_64-fedora-clang, r-devel-linux-x86_64-fedora-gcc, r-devel-windows-ix86+x86_64, r-patched-linux-x86_64, r-patched-solaris-x86, r-release-linux-x86_64, r-release-windows-ix86+x86_64, r-release-osx-x86_64, r-oldrel-windows-ix86+x86_64, r-oldrel-osx-x86_64

Version: 5.5.4
Check: installed package size
Result: NOTE
     installed size is 8.6Mb
     sub-directories of 1Mb or more:
     doc 2.5Mb
     libs 4.9Mb
Flavors: r-devel-linux-x86_64-fedora-clang, r-devel-windows-ix86+x86_64, r-release-windows-ix86+x86_64, r-release-osx-x86_64, r-oldrel-windows-ix86+x86_64, r-oldrel-osx-x86_64