Last updated on 2023-05-31 01:03:17 CEST.
Flavor | Version | Tinstall | Tcheck | Ttotal | Status | Flags |
---|---|---|---|---|---|---|
r-devel-linux-x86_64-debian-clang | 0.2.8 | 59.71 | 574.25 | 633.96 | OK | |
r-devel-linux-x86_64-debian-gcc | 0.2.8 | 48.21 | 428.88 | 477.09 | OK | |
r-devel-linux-x86_64-fedora-clang | 0.2.8 | 831.35 | NOTE | |||
r-devel-linux-x86_64-fedora-gcc | 0.2.8 | 769.42 | OK | |||
r-devel-windows-x86_64 | 0.2.8 | 49.00 | 326.00 | 375.00 | NOTE | --no-vignettes |
r-patched-linux-x86_64 | 0.2.8 | 46.09 | 542.60 | 588.69 | OK | |
r-release-linux-x86_64 | 0.2.8 | 39.48 | 552.53 | 592.01 | OK | |
r-release-macos-arm64 | 0.2.8 | 198.00 | NOTE | |||
r-release-macos-x86_64 | 0.2.8 | 353.00 | NOTE | |||
r-release-windows-x86_64 | 0.2.8 | 73.00 | 403.00 | 476.00 | NOTE | --no-vignettes |
r-oldrel-macos-arm64 | 0.2.8 | 183.00 | NOTE | |||
r-oldrel-macos-x86_64 | 0.2.8 | 227.00 | NOTE | |||
r-oldrel-windows-x86_64 | 0.2.8 | 73.00 | 350.00 | 423.00 | NOTE | --no-vignettes |
Version: 0.2.8
Check: installed package size
Result: NOTE
installed size is 5.3Mb
sub-directories of 1Mb or more:
lucc_MT 3.1Mb
Flavors: r-devel-linux-x86_64-fedora-clang, r-release-macos-arm64, r-release-macos-x86_64, r-oldrel-macos-arm64, r-oldrel-macos-x86_64
Version: 0.2.8
Flags: --no-vignettes
Check: installed package size
Result: NOTE
installed size is 5.2Mb
sub-directories of 1Mb or more:
lucc_MT 3.0Mb
Flavors: r-devel-windows-x86_64, r-release-windows-x86_64, r-oldrel-windows-x86_64