CRAN Package Check Results for Package dsa

Last updated on 2019-09-15 23:46:18 CEST.

Flavor Version Tinstall Tcheck Ttotal Status Flags
r-devel-linux-x86_64-debian-clang 0.70.3 6.98 112.78 119.76 NOTE
r-devel-linux-x86_64-debian-gcc 0.70.3 5.35 82.96 88.31 NOTE
r-devel-linux-x86_64-fedora-clang 0.70.3 143.46 NOTE
r-devel-linux-x86_64-fedora-gcc 0.70.3 136.83 NOTE
r-devel-windows-ix86+x86_64 0.70.3 20.00 174.00 194.00 OK
r-patched-linux-x86_64 0.70.3 7.83 107.61 115.44 OK
r-patched-solaris-x86 0.70.3 204.50 WARN
r-release-linux-x86_64 0.70.3 7.05 107.46 114.51 OK
r-release-windows-ix86+x86_64 0.70.3 14.00 132.00 146.00 OK
r-release-osx-x86_64 0.70.3 WARN
r-oldrel-windows-ix86+x86_64 0.70.3 15.00 123.00 138.00 OK
r-oldrel-osx-x86_64 0.70.3 WARN

Check Details

Version: 0.70.3
Check: for non-standard things in the check directory
Result: NOTE
    Found the following files/directories:
     'out.html'
Flavors: r-devel-linux-x86_64-debian-clang, r-devel-linux-x86_64-debian-gcc, r-devel-linux-x86_64-fedora-clang, r-devel-linux-x86_64-fedora-gcc

Version: 0.70.3
Check: dependencies in R code
Result: NOTE
    Namespaces in Imports field not imported from:
     ‘rJava’ ‘tools’ ‘xtable’
     All declared Imports should be used.
Flavors: r-devel-linux-x86_64-fedora-clang, r-devel-linux-x86_64-fedora-gcc, r-patched-solaris-x86, r-release-osx-x86_64, r-oldrel-osx-x86_64

Version: 0.70.3
Check: re-building of vignette outputs
Result: WARN
    Error(s) in re-building vignettes:
     ...
    --- re-building ‘dsa-vignette.Rmd’ using rmarkdown
    Warning in engine$weave(file, quiet = quiet, encoding = enc) :
     Pandoc (>= 1.12.3) and/or pandoc-citeproc not available. Falling back to R Markdown v1.
    Quitting from lines 37-38 (dsa-vignette.Rmd)
    Error: processing vignette 'dsa-vignette.Rmd' failed with diagnostics:
    Saving a widget with selfcontained = TRUE requires pandoc. For details see:
    https://github.com/rstudio/rmarkdown/blob/master/PANDOC.md
    --- failed re-building ‘dsa-vignette.Rmd’
    
    SUMMARY: processing the following file failed:
     ‘dsa-vignette.Rmd’
    
    Error: Vignette re-building failed.
    Execution halted
Flavors: r-patched-solaris-x86, r-release-osx-x86_64

Version: 0.70.3
Check: re-building of vignette outputs
Result: WARN
    Error in re-building vignettes:
     ...
    Warning in engine$weave(file, quiet = quiet, encoding = enc) :
     Pandoc (>= 1.12.3) and/or pandoc-citeproc not available. Falling back to R Markdown v1.
    Quitting from lines 37-38 (dsa-vignette.Rmd)
    Error: processing vignette 'dsa-vignette.Rmd' failed with diagnostics:
    Saving a widget with selfcontained = TRUE requires pandoc. For details see:
    https://github.com/rstudio/rmarkdown/blob/master/PANDOC.md
    Execution halted
Flavor: r-oldrel-osx-x86_64