CRAN Package Check Results for Package drugdevelopR

Last updated on 2024-06-13 00:55:11 CEST.

Flavor Version Tinstall Tcheck Ttotal Status Flags
r-devel-linux-x86_64-debian-clang 1.0.1 27.16 475.62 502.78 OK
r-devel-linux-x86_64-debian-gcc 1.0.1 24.11 198.87 222.98 ERROR
r-devel-linux-x86_64-fedora-clang 1.0.1 605.15 OK
r-devel-linux-x86_64-fedora-gcc 1.0.1 576.45 OK
r-devel-windows-x86_64 1.0.1 26.00 406.00 432.00 OK
r-patched-linux-x86_64 1.0.1 38.56 437.53 476.09 OK
r-release-linux-x86_64 1.0.1 27.14 447.15 474.29 OK
r-release-macos-arm64 1.0.1 186.00 OK
r-release-macos-x86_64 1.0.1 310.00 OK
r-release-windows-x86_64 1.0.1 29.00 404.00 433.00 OK
r-oldrel-macos-arm64 1.0.1 179.00 OK
r-oldrel-macos-x86_64 1.0.1 444.00 OK
r-oldrel-windows-x86_64 1.0.1 33.00 541.00 574.00 OK

Check Details

Version: 1.0.1
Check: package dependencies
Result: NOTE Packages suggested but not available for checking: 'testthat', 'kableExtra', 'devtools' Flavor: r-devel-linux-x86_64-debian-gcc

Version: 1.0.1
Check: tests
Result: ERROR Running ‘testthat.R’ [0s/1s] Running the tests in ‘tests/testthat.R’ failed. Complete output: > # This file is part of the standard setup for testthat. > # It is recommended that you do not modify it. > # > # Where should you do additional test configuration? > # Learn more about the roles of various files in: > # * https://r-pkgs.org/tests.html > # * https://testthat.r-lib.org/reference/test_package.html#special-files > > library(testthat) Error in library(testthat) : there is no package called 'testthat' Execution halted Flavor: r-devel-linux-x86_64-debian-gcc