CRAN Package Check Results for Package drifter

Last updated on 2022-12-02 23:50:27 CET.

Flavor Version Tinstall Tcheck Ttotal Status Flags
r-devel-linux-x86_64-debian-clang 0.2.1 5.72 107.44 113.16 NOTE
r-devel-linux-x86_64-debian-gcc 0.2.1 4.68 82.51 87.19 NOTE
r-devel-linux-x86_64-fedora-clang 0.2.1 143.94 NOTE
r-devel-linux-x86_64-fedora-gcc 0.2.1 141.97 NOTE
r-devel-windows-x86_64 0.2.1 15.00 113.00 128.00 NOTE
r-patched-linux-x86_64 0.2.1 5.67 100.65 106.32 NOTE
r-release-linux-x86_64 0.2.1 5.95 104.23 110.18 NOTE
r-release-macos-arm64 0.2.1 33.00 NOTE
r-release-macos-x86_64 0.2.1 76.00 NOTE
r-release-windows-x86_64 0.2.1 15.00 124.00 139.00 NOTE
r-oldrel-macos-arm64 0.2.1 40.00 NOTE
r-oldrel-macos-x86_64 0.2.1 73.00 NOTE
r-oldrel-windows-ix86+x86_64 0.2.1 16.00 95.00 111.00 NOTE

Check Details

Version: 0.2.1
Check: LazyData
Result: NOTE
     'LazyData' is specified without a 'data' directory
Flavors: r-devel-linux-x86_64-debian-clang, r-devel-linux-x86_64-debian-gcc, r-devel-linux-x86_64-fedora-clang, r-devel-linux-x86_64-fedora-gcc, r-devel-windows-x86_64, r-patched-linux-x86_64, r-release-linux-x86_64, r-release-macos-arm64, r-release-macos-x86_64, r-release-windows-x86_64, r-oldrel-macos-arm64, r-oldrel-macos-x86_64, r-oldrel-windows-ix86+x86_64