Last updated on 2022-07-04 23:53:22 CEST.
Flavor | Version | Tinstall | Tcheck | Ttotal | Status | Flags |
---|---|---|---|---|---|---|
r-devel-linux-x86_64-debian-clang | 1.2.1 | 29.08 | 125.84 | 154.92 | OK | |
r-devel-linux-x86_64-debian-gcc | 1.2.1 | 25.11 | 92.40 | 117.51 | OK | |
r-devel-linux-x86_64-fedora-clang | 1.2.1 | 187.54 | NOTE | |||
r-devel-linux-x86_64-fedora-gcc | 1.2.1 | 192.60 | NOTE | |||
r-devel-windows-x86_64 | 1.2.1 | 59.00 | 147.00 | 206.00 | OK | |
r-patched-linux-x86_64 | 1.2.1 | 20.20 | 116.63 | 136.83 | OK | |
r-release-linux-x86_64 | 1.2.1 | 21.53 | 116.58 | 138.11 | OK | |
r-release-macos-arm64 | 1.2.1 | 56.00 | NOTE | |||
r-release-macos-x86_64 | 1.2.1 | 81.00 | NOTE | |||
r-release-windows-x86_64 | 1.2.1 | 47.00 | 139.00 | 186.00 | OK | |
r-oldrel-macos-arm64 | 1.2.1 | 62.00 | NOTE | |||
r-oldrel-macos-x86_64 | 1.2.1 | 81.00 | NOTE | |||
r-oldrel-windows-ix86+x86_64 | 1.2.1 | 53.00 | 150.00 | 203.00 | OK |
Version: 1.2.1
Check: package dependencies
Result: NOTE
Imports includes 32 non-default packages.
Importing from so many packages makes the package vulnerable to any of
them becoming unavailable. Move as many as possible to Suggests and
use conditionally.
Flavor: r-devel-linux-x86_64-fedora-clang
Version: 1.2.1
Check: dependencies in R code
Result: NOTE
Namespace in Imports field not imported from: ‘htmltools’
All declared Imports should be used.
Flavors: r-devel-linux-x86_64-fedora-clang, r-devel-linux-x86_64-fedora-gcc, r-release-macos-arm64, r-release-macos-x86_64, r-oldrel-macos-arm64, r-oldrel-macos-x86_64