CRAN Package Check Results for Package dr

Last updated on 2020-09-26 23:46:32 CEST.

Flavor Version Tinstall Tcheck Ttotal Status Flags
r-devel-linux-x86_64-debian-clang 3.0.10 5.24 62.04 67.28 OK
r-devel-linux-x86_64-debian-gcc 3.0.10 3.92 45.66 49.58 OK
r-devel-linux-x86_64-fedora-clang 3.0.10 88.78 OK
r-devel-linux-x86_64-fedora-gcc 3.0.10 78.21 OK
r-devel-windows-ix86+x86_64 3.0.10 15.00 68.00 83.00 OK
r-patched-linux-x86_64 3.0.10 4.91 59.74 64.65 OK
r-patched-solaris-x86 3.0.10 103.70 OK
r-release-linux-x86_64 3.0.10 4.38 59.71 64.09 OK
r-release-macos-x86_64 3.0.10 FAIL
r-release-windows-ix86+x86_64 3.0.10 8.00 83.00 91.00 OK
r-oldrel-macos-x86_64 3.0.10 OK
r-oldrel-windows-ix86+x86_64 3.0.10 7.00 75.00 82.00 OK

Check Details

Version: 3.0.10
Check: PDF version of manual
Result: FAIL
Flavor: r-release-macos-x86_64