Last updated on 2021-03-01 23:48:53 CET.
Flavor | Version | Tinstall | Tcheck | Ttotal | Status | Flags |
---|---|---|---|---|---|---|
r-devel-linux-x86_64-debian-clang | 0.2.1 | OK | ||||
r-devel-linux-x86_64-debian-gcc | 0.2.1 | 18.30 | 94.24 | 112.54 | OK | |
r-devel-linux-x86_64-fedora-clang | 0.2.1 | 206.80 | NOTE | |||
r-devel-linux-x86_64-fedora-gcc | 0.2.1 | 191.44 | OK | |||
r-devel-windows-ix86+x86_64 | 0.2.1 | 49.00 | 182.00 | 231.00 | OK | |
r-patched-linux-x86_64 | 0.2.1 | 24.50 | 119.54 | 144.04 | OK | |
r-patched-solaris-x86 | 0.2.1 | 151.30 | OK | |||
r-release-linux-x86_64 | 0.2.1 | 23.96 | 124.35 | 148.31 | OK | |
r-release-macos-x86_64 | 0.2.1 | OK | ||||
r-release-windows-ix86+x86_64 | 0.2.1 | 71.00 | 232.00 | 303.00 | OK | |
r-oldrel-macos-x86_64 | 0.2.1 | OK | ||||
r-oldrel-windows-ix86+x86_64 | 0.2.1 | 46.00 | 237.00 | 283.00 | OK |
Version: 0.2.1
Check: Rd cross-references
Result: NOTE
Undeclared package ‘sitmo’ in Rd xrefs
Flavor: r-devel-linux-x86_64-fedora-clang