CRAN Package Check Results for Package dplR

Last updated on 2019-05-21 02:47:03 CEST.

Flavor Version Tinstall Tcheck Ttotal Status Flags
r-devel-linux-x86_64-debian-clang 1.6.9 24.21 250.68 274.89 OK
r-devel-linux-x86_64-debian-gcc 1.6.9 20.31 191.14 211.45 OK
r-devel-linux-x86_64-fedora-clang 1.6.9 345.03 OK
r-devel-linux-x86_64-fedora-gcc 1.6.9 336.72 OK
r-devel-windows-ix86+x86_64 1.6.9 60.00 483.00 543.00 OK
r-patched-linux-x86_64 1.6.9 23.47 248.47 271.94 OK
r-patched-solaris-x86 1.6.9 471.60 OK
r-release-linux-x86_64 1.6.9 24.01 248.32 272.33 OK
r-release-windows-ix86+x86_64 1.6.9 65.00 472.00 537.00 OK
r-release-osx-x86_64 1.6.9 NOTE
r-oldrel-windows-ix86+x86_64 1.6.9 34.00 328.00 362.00 OK
r-oldrel-osx-x86_64 1.6.9 OK

Check Details

Version: 1.6.9
Check: package dependencies
Result: NOTE
    Package suggested but not available for checking: ‘Biobase’
Flavor: r-release-osx-x86_64