CRAN Package Check Results for Package dplR

Last updated on 2024-06-24 00:50:07 CEST.

Flavor Version Tinstall Tcheck Ttotal Status Flags
r-devel-linux-x86_64-debian-clang 1.7.7 37.47 267.48 304.95 OK
r-devel-linux-x86_64-debian-gcc 1.7.7 29.14 186.06 215.20 NOTE
r-devel-linux-x86_64-fedora-clang 1.7.7 395.11 OK
r-devel-linux-x86_64-fedora-gcc 1.7.7 362.76 NOTE
r-devel-windows-x86_64 1.7.7 33.00 216.00 249.00 NOTE
r-patched-linux-x86_64 1.7.7 45.23 248.75 293.98 OK
r-release-linux-x86_64 1.7.7 37.15 255.14 292.29 OK
r-release-macos-arm64 1.7.7 91.00 OK
r-release-macos-x86_64 1.7.7 199.00 OK
r-release-windows-x86_64 1.7.7 34.00 216.00 250.00 OK
r-oldrel-macos-arm64 1.7.7 93.00 OK
r-oldrel-macos-x86_64 1.7.7 183.00 OK
r-oldrel-windows-x86_64 1.7.7 43.00 276.00 319.00 OK

Check Details

Version: 1.7.7
Check: compiled code
Result: NOTE File ‘dplR/libs/dplR.so’: Found non-API call to R: ‘SET_TYPEOF’ Compiled code should not call non-API entry points in R. See ‘Writing portable packages’ in the ‘Writing R Extensions’ manual. Flavors: r-devel-linux-x86_64-debian-gcc, r-devel-linux-x86_64-fedora-gcc

Version: 1.7.7
Check: compiled code
Result: NOTE File 'dplR/libs/x64/dplR.dll': Found non-API call to R: 'SET_TYPEOF' Compiled code should not call non-API entry points in R. See 'Writing portable packages' in the 'Writing R Extensions' manual. Flavor: r-devel-windows-x86_64