CRAN Package Check Results for Package dpcR

Last updated on 2019-07-22 06:47:37 CEST.

Flavor Version Tinstall Tcheck Ttotal Status Flags
r-devel-linux-x86_64-debian-clang 0.5 17.00 132.19 149.19 OK
r-devel-linux-x86_64-debian-gcc 0.5 17.31 106.88 124.19 OK
r-devel-linux-x86_64-fedora-clang 0.5 176.30 OK
r-devel-linux-x86_64-fedora-gcc 0.5 176.13 OK
r-devel-windows-ix86+x86_64 0.5 38.00 257.00 295.00 OK
r-patched-linux-x86_64 0.5 17.00 132.07 149.07 OK
r-patched-solaris-x86 0.5 264.90 OK
r-release-linux-x86_64 0.5 15.75 131.43 147.18 OK
r-release-windows-ix86+x86_64 0.5 40.00 149.00 189.00 OK
r-release-osx-x86_64 0.5 WARN
r-oldrel-windows-ix86+x86_64 0.5 39.00 206.00 245.00 OK
r-oldrel-osx-x86_64 0.5 OK

Check Details

Version: 0.5
Check: whether package can be installed
Result: WARN
    Found the following significant warnings:
     Warning: 'rgl_init' failed, running with rgl.useNULL = TRUE
Flavor: r-release-osx-x86_64