CRAN Package Check Results for Package dpcR

Last updated on 2019-05-19 02:46:26 CEST.

Flavor Version Tinstall Tcheck Ttotal Status Flags
r-devel-linux-x86_64-debian-clang 0.5 18.12 135.10 153.22 OK
r-devel-linux-x86_64-debian-gcc 0.5 15.27 104.44 119.71 OK
r-devel-linux-x86_64-fedora-clang 0.5 178.81 OK
r-devel-linux-x86_64-fedora-gcc 0.5 173.13 OK
r-devel-windows-ix86+x86_64 0.5 53.00 238.00 291.00 OK
r-patched-linux-x86_64 0.5 16.71 132.23 148.94 OK
r-patched-solaris-x86 0.5 268.00 OK
r-release-linux-x86_64 0.5 19.72 131.96 151.68 OK
r-release-windows-ix86+x86_64 0.5 61.00 197.00 258.00 OK
r-release-osx-x86_64 0.5 WARN
r-oldrel-windows-ix86+x86_64 0.5 43.00 190.00 233.00 OK
r-oldrel-osx-x86_64 0.5 OK

Check Details

Version: 0.5
Check: whether package can be installed
Result: WARN
    Found the following significant warnings:
     Warning: 'rgl_init' failed, running with rgl.useNULL = TRUE
Flavor: r-release-osx-x86_64