CRAN Package Check Results for Package downscaledl

Last updated on 2022-12-02 23:50:26 CET.

Flavor Version Tinstall Tcheck Ttotal Status Flags
r-devel-linux-x86_64-debian-clang 1.0 30.73 61.81 92.54 NOTE
r-devel-linux-x86_64-debian-gcc 1.0 22.57 46.59 69.16 NOTE
r-devel-linux-x86_64-fedora-clang 1.0 136.99 NOTE
r-devel-linux-x86_64-fedora-gcc 1.0 120.37 NOTE
r-devel-windows-x86_64 1.0 41.00 117.00 158.00 NOTE
r-patched-linux-x86_64 1.0 28.07 58.58 86.65 NOTE
r-release-linux-x86_64 1.0 27.14 57.77 84.91 NOTE
r-release-macos-arm64 1.0 35.00 NOTE
r-release-macos-x86_64 1.0 61.00 NOTE
r-release-windows-x86_64 1.0 41.00 131.00 172.00 NOTE
r-oldrel-macos-arm64 1.0 37.00 NOTE
r-oldrel-macos-x86_64 1.0 50.00 NOTE
r-oldrel-windows-ix86+x86_64 1.0 77.00 124.00 201.00 NOTE

Additional issues

donttest

Check Details

Version: 1.0
Check: LazyData
Result: NOTE
     'LazyData' is specified without a 'data' directory
Flavors: r-devel-linux-x86_64-debian-clang, r-devel-linux-x86_64-debian-gcc, r-devel-linux-x86_64-fedora-clang, r-devel-linux-x86_64-fedora-gcc, r-devel-windows-x86_64, r-patched-linux-x86_64, r-release-linux-x86_64, r-release-macos-arm64, r-release-macos-x86_64, r-release-windows-x86_64, r-oldrel-macos-arm64, r-oldrel-macos-x86_64, r-oldrel-windows-ix86+x86_64

Version: 1.0
Check: dependencies in R code
Result: NOTE
    Namespaces in Imports field not imported from:
     ‘dplyr’ ‘parallel’ ‘rgdal’ ‘sp’ ‘tensorflow’
     All declared Imports should be used.
Flavors: r-devel-linux-x86_64-fedora-clang, r-devel-linux-x86_64-fedora-gcc, r-release-macos-arm64, r-release-macos-x86_64, r-oldrel-macos-arm64, r-oldrel-macos-x86_64