CRAN Package Check Results for Package downlit

Last updated on 2021-04-22 23:49:37 CEST.

Flavor Version Tinstall Tcheck Ttotal Status Flags
r-devel-linux-x86_64-debian-clang 0.2.1 3.42 38.06 41.48 NOTE
r-devel-linux-x86_64-debian-gcc 0.2.1 2.53 29.69 32.22 NOTE
r-devel-linux-x86_64-fedora-clang 0.2.1 59.03 NOTE
r-devel-linux-x86_64-fedora-gcc 0.2.1 48.65 NOTE
r-devel-windows-ix86+x86_64 0.2.1 6.00 59.00 65.00 NOTE
r-devel-windows-x86_64-gcc10-UCRT 0.2.1 NOTE
r-patched-linux-x86_64 0.2.1 3.02 36.58 39.60 OK
r-patched-solaris-x86 0.2.1 71.60 OK
r-release-linux-x86_64 0.2.1 3.06 36.63 39.69 OK
r-release-macos-x86_64 0.2.1 OK
r-release-windows-ix86+x86_64 0.2.1 6.00 56.00 62.00 OK
r-oldrel-macos-x86_64 0.2.1 OK
r-oldrel-windows-ix86+x86_64 0.2.1 5.00 56.00 61.00 OK

Check Details

Version: 0.2.1
Check: LazyData
Result: NOTE
     'LazyData' is specified without a 'data' directory
Flavors: r-devel-linux-x86_64-debian-clang, r-devel-linux-x86_64-debian-gcc, r-devel-linux-x86_64-fedora-clang, r-devel-linux-x86_64-fedora-gcc, r-devel-windows-ix86+x86_64, r-devel-windows-x86_64-gcc10-UCRT