CRAN Package Check Results for Package downlit

Last updated on 2022-07-05 23:55:39 CEST.

Flavor Version Tinstall Tcheck Ttotal Status Flags
r-devel-linux-x86_64-debian-clang 0.4.1 4.91 46.50 51.41 OK
r-devel-linux-x86_64-debian-gcc 0.4.1 3.48 36.12 39.60 OK
r-devel-linux-x86_64-fedora-clang 0.4.2 74.63 OK
r-devel-linux-x86_64-fedora-gcc 0.4.2 79.45 OK
r-devel-windows-x86_64 0.4.1 29.00 80.00 109.00 OK
r-patched-linux-x86_64 0.4.1 3.79 45.01 48.80 OK
r-release-linux-x86_64 0.4.1 3.81 45.34 49.15 OK
r-release-macos-arm64 0.4.1 32.00 NOTE
r-release-macos-x86_64 0.4.1 41.00 NOTE
r-release-windows-x86_64 0.4.1 28.00 83.00 111.00 OK
r-oldrel-macos-arm64 0.4.1 29.00 ERROR
r-oldrel-macos-x86_64 0.4.1 43.00 ERROR
r-oldrel-windows-ix86+x86_64 0.4.1 9.00 72.00 81.00 OK

Check Details

Version: 0.4.1
Check: dependencies in R code
Result: NOTE
    Namespace in Imports field not imported from: ‘withr’
     All declared Imports should be used.
Flavors: r-release-macos-arm64, r-release-macos-x86_64, r-oldrel-macos-arm64, r-oldrel-macos-x86_64

Version: 0.4.1
Check: tests
Result: ERROR
     Running ‘testthat.R’ [5s/10s]
    Running the tests in ‘tests/testthat.R’ failed.
    Last 13 lines of output:
     • Pipes are available from R 4.1 (1)
     • rmarkdown::pandoc_version() < "2.10" is not TRUE (1)
     • rmarkdown::pandoc_version() < "2.11" is not TRUE (1)
    
     ══ Failed tests ════════════════════════════════════════════════════════════════
     ── Failure (test-link.R:170:3): can link to bioconductor vignettes ─────────────
     href_expr_(vignette("MassSpecWavelet", "MassSpecWavelet")) (`actual`) not equal to "https://bioconductor.org/packages/release/bioc/vignettes/MassSpecWavelet/inst/doc/MassSpecWavelet.html" (`expected`).
    
     actual vs expected
     - "https://bioconductor.org/packages/release/bioc/vignettes/MassSpecWavelet/inst/doc/MassSpecWavelet.pdf"
     + "https://bioconductor.org/packages/release/bioc/vignettes/MassSpecWavelet/inst/doc/MassSpecWavelet.html"
    
     [ FAIL 1 | WARN 0 | SKIP 26 | PASS 115 ]
     Error: Test failures
     Execution halted
Flavor: r-oldrel-macos-arm64

Version: 0.4.1
Check: tests
Result: ERROR
     Running ‘testthat.R’ [7s/13s]
    Running the tests in ‘tests/testthat.R’ failed.
    Last 13 lines of output:
     • Pipes are available from R 4.1 (1)
     • rmarkdown::pandoc_version() < "2.10" is not TRUE (1)
     • rmarkdown::pandoc_version() < "2.11" is not TRUE (1)
    
     ══ Failed tests ════════════════════════════════════════════════════════════════
     ── Failure (test-link.R:170:3): can link to bioconductor vignettes ─────────────
     href_expr_(vignette("MassSpecWavelet", "MassSpecWavelet")) (`actual`) not equal to "https://bioconductor.org/packages/release/bioc/vignettes/MassSpecWavelet/inst/doc/MassSpecWavelet.html" (`expected`).
    
     actual vs expected
     - "https://bioconductor.org/packages/release/bioc/vignettes/MassSpecWavelet/inst/doc/MassSpecWavelet.pdf"
     + "https://bioconductor.org/packages/release/bioc/vignettes/MassSpecWavelet/inst/doc/MassSpecWavelet.html"
    
     [ FAIL 1 | WARN 0 | SKIP 26 | PASS 115 ]
     Error: Test failures
     Execution halted
Flavor: r-oldrel-macos-x86_64