CRAN Package Check Results for Package dosearch

Last updated on 2021-04-22 23:49:37 CEST.

Flavor Version Tinstall Tcheck Ttotal Status Flags
r-devel-linux-x86_64-debian-clang 1.0.6 67.97 43.63 111.60 OK
r-devel-linux-x86_64-debian-gcc 1.0.6 41.96 34.02 75.98 OK
r-devel-linux-x86_64-fedora-clang 1.0.6 160.79 NOTE
r-devel-linux-x86_64-fedora-gcc 1.0.6 135.52 OK
r-devel-windows-ix86+x86_64 1.0.6 151.00 108.00 259.00 OK
r-devel-windows-x86_64-gcc10-UCRT 1.0.6 OK
r-patched-linux-x86_64 1.0.6 46.24 41.80 88.04 OK
r-patched-solaris-x86 1.0.6 136.00 OK
r-release-linux-x86_64 1.0.6 48.58 41.80 90.38 OK
r-release-macos-x86_64 1.0.6 OK
r-release-windows-ix86+x86_64 1.0.6 145.00 106.00 251.00 OK
r-oldrel-macos-x86_64 1.0.6 OK
r-oldrel-windows-ix86+x86_64 1.0.6 116.00 99.00 215.00 OK

Check Details

Version: 1.0.6
Check: Rd cross-references
Result: NOTE
    Undeclared package ‘causaleffect’ in Rd xrefs
Flavor: r-devel-linux-x86_64-fedora-clang