Last updated on 2021-03-01 23:48:53 CET.
Flavor | Version | Tinstall | Tcheck | Ttotal | Status | Flags |
---|---|---|---|---|---|---|
r-devel-linux-x86_64-debian-clang | 0.2.8 | NOTE | ||||
r-devel-linux-x86_64-debian-gcc | 0.2.8 | 109.32 | 207.21 | 316.53 | NOTE | |
r-devel-linux-x86_64-fedora-clang | 0.2.8 | 592.16 | NOTE | |||
r-devel-linux-x86_64-fedora-gcc | 0.2.8 | 541.90 | NOTE | |||
r-devel-windows-ix86+x86_64 | 0.2.8 | 270.00 | 334.00 | 604.00 | NOTE | |
r-patched-linux-x86_64 | 0.2.8 | 129.42 | 267.12 | 396.54 | NOTE | |
r-patched-solaris-x86 | 0.2.8 | 706.80 | NOTE | |||
r-release-linux-x86_64 | 0.2.8 | 132.18 | 262.82 | 395.00 | NOTE | |
r-release-macos-x86_64 | 0.2.8 | NOTE | ||||
r-release-windows-ix86+x86_64 | 0.2.8 | 366.00 | 430.00 | 796.00 | NOTE | |
r-oldrel-macos-x86_64 | 0.2.8 | NOTE | ||||
r-oldrel-windows-ix86+x86_64 | 0.2.8 | 273.00 | 442.00 | 715.00 | NOTE |
Version: 0.2.8
Check: for GNU extensions in Makefiles
Result: NOTE
GNU make is a SystemRequirements.
Flavors: r-devel-linux-x86_64-debian-clang, r-devel-linux-x86_64-debian-gcc, r-devel-linux-x86_64-fedora-clang, r-devel-linux-x86_64-fedora-gcc, r-devel-windows-ix86+x86_64, r-patched-linux-x86_64, r-patched-solaris-x86, r-release-linux-x86_64, r-release-macos-x86_64, r-release-windows-ix86+x86_64, r-oldrel-macos-x86_64, r-oldrel-windows-ix86+x86_64
Version: 0.2.8
Check: installed package size
Result: NOTE
installed size is 18.0Mb
sub-directories of 1Mb or more:
doc 4.6Mb
libs 12.9Mb
Flavors: r-devel-linux-x86_64-fedora-clang, r-devel-windows-ix86+x86_64, r-patched-solaris-x86, r-release-macos-x86_64, r-release-windows-ix86+x86_64, r-oldrel-macos-x86_64, r-oldrel-windows-ix86+x86_64