CRAN Package Check Results for Package doSNOW

Last updated on 2023-05-28 23:13:57 CEST.

Flavor Version Tinstall Tcheck Ttotal Status Flags
r-devel-linux-x86_64-debian-clang 1.0.20 2.21 24.45 26.66 NOTE
r-devel-linux-x86_64-debian-gcc 1.0.20 1.92 19.35 21.27 NOTE
r-devel-linux-x86_64-fedora-clang 1.0.20 33.37 OK
r-devel-linux-x86_64-fedora-gcc 1.0.20 31.94 OK
r-devel-windows-x86_64 1.0.20 4.00 42.00 46.00 OK
r-patched-linux-x86_64 1.0.20 1.84 23.65 25.49 NOTE
r-release-linux-x86_64 1.0.20 2.48 23.33 25.81 NOTE
r-release-macos-arm64 1.0.20 16.00 OK
r-release-macos-x86_64 1.0.20 22.00 OK
r-release-windows-x86_64 1.0.20 4.00 42.00 46.00 OK
r-oldrel-macos-arm64 1.0.20 19.00 OK
r-oldrel-macos-x86_64 1.0.20 23.00 OK
r-oldrel-windows-x86_64 1.0.20 4.00 44.00 48.00 OK

Check Details

Version: 1.0.20
Check: R code for possible problems
Result: NOTE
    Found the following calls to attach():
    File ‘doSNOW/R/doSNOW.R’:
     attach(exportEnv)
    See section ‘Good practice’ in ‘?attach’.
Flavors: r-devel-linux-x86_64-debian-clang, r-devel-linux-x86_64-debian-gcc, r-patched-linux-x86_64, r-release-linux-x86_64