CRAN Package Check Results for Package doMPI

Last updated on 2019-08-11 23:47:28 CEST.

Flavor Version Tinstall Tcheck Ttotal Status Flags
r-devel-linux-x86_64-debian-clang 0.2.2 3.66 27.64 31.30 OK
r-devel-linux-x86_64-debian-gcc 0.2.2 2.51 22.76 25.27 OK
r-devel-linux-x86_64-fedora-clang 0.2.2 38.00 OK
r-devel-linux-x86_64-fedora-gcc 0.2.2 36.73 OK
r-devel-windows-ix86+x86_64 0.2.2 7.00 45.00 52.00 OK
r-patched-linux-x86_64 0.2.2 3.19 27.02 30.21 OK
r-patched-solaris-x86 0.2.2 56.90 OK
r-release-linux-x86_64 0.2.2 2.97 27.13 30.10 OK
r-release-windows-ix86+x86_64 0.2.2 7.00 68.00 75.00 OK
r-release-osx-x86_64 0.2.2 ERROR
r-oldrel-windows-ix86+x86_64 0.2.2 5.00 60.00 65.00 OK
r-oldrel-osx-x86_64 0.2.2 ERROR

Check Details

Version: 0.2.2
Check: package dependencies
Result: ERROR
    Package required but not available: ‘Rmpi’
    
    See section ‘The DESCRIPTION file’ in the ‘Writing R Extensions’
    manual.
Flavors: r-release-osx-x86_64, r-oldrel-osx-x86_64