CRAN Package Check Results for Package dna

Last updated on 2021-04-14 23:47:08 CEST.

Flavor Version Tinstall Tcheck Ttotal Status Flags
r-devel-linux-x86_64-debian-clang 2.1-2 8.10 37.81 45.91 OK
r-devel-linux-x86_64-debian-gcc 2.1-2 5.88 29.92 35.80 OK
r-devel-linux-x86_64-fedora-clang 2.1-2 66.36 OK
r-devel-linux-x86_64-fedora-gcc 2.1-2 56.21 OK
r-devel-windows-ix86+x86_64 2.1-2 30.00 79.00 109.00 OK
r-devel-windows-x86_64-gcc10-UCRT 2.1-2 OK
r-patched-linux-x86_64 2.1-2 6.89 36.50 43.39 OK
r-patched-solaris-x86 2.1-2 78.80 OK
r-release-linux-x86_64 2.1-2 6.52 37.56 44.08 OK
r-release-macos-x86_64 2.1-2 OK
r-release-windows-ix86+x86_64 2.1-2 24.00 70.00 94.00 OK
r-oldrel-macos-x86_64 2.1-2 ERROR

Check Details

Version: 2.1-2
Check: whether package can be installed
Result: ERROR
    Installation failed.
Flavor: r-oldrel-macos-x86_64