CRAN Package Check Results for Package dmtools

Last updated on 2022-11-26 23:58:13 CET.

Flavor Version Tinstall Tcheck Ttotal Status Flags
r-devel-linux-x86_64-debian-clang 0.2.6 3.99 63.41 67.40 NOTE
r-devel-linux-x86_64-debian-gcc 0.2.6 3.34 47.53 50.87 NOTE
r-devel-linux-x86_64-fedora-clang 0.2.6 93.34 NOTE
r-devel-linux-x86_64-fedora-gcc 0.2.6 91.18 NOTE
r-devel-windows-x86_64 0.2.6 22.00 110.00 132.00 NOTE
r-patched-linux-x86_64 0.2.6 NOTE
r-release-linux-x86_64 0.2.6 2.51 57.17 59.68 NOTE
r-release-macos-arm64 0.2.6 27.00 NOTE
r-release-macos-x86_64 0.2.6 51.00 NOTE
r-release-windows-x86_64 0.2.6 29.00 101.00 130.00 NOTE
r-oldrel-macos-arm64 0.2.6 31.00 NOTE
r-oldrel-macos-x86_64 0.2.6 47.00 NOTE
r-oldrel-windows-ix86+x86_64 0.2.6 10.00 98.00 108.00 NOTE

Check Details

Version: 0.2.6
Check: LazyData
Result: NOTE
     'LazyData' is specified without a 'data' directory
Flavors: r-devel-linux-x86_64-debian-clang, r-devel-linux-x86_64-debian-gcc, r-devel-linux-x86_64-fedora-clang, r-devel-linux-x86_64-fedora-gcc, r-devel-windows-x86_64, r-patched-linux-x86_64, r-release-linux-x86_64, r-release-macos-arm64, r-release-macos-x86_64, r-release-windows-x86_64, r-oldrel-macos-arm64, r-oldrel-macos-x86_64, r-oldrel-windows-ix86+x86_64