CRAN Package Check Results for Package diversitree

Last updated on 2019-08-18 23:47:31 CEST.

Flavor Version Tinstall Tcheck Ttotal Status Flags
r-devel-linux-x86_64-debian-clang 0.9-11 70.46 96.91 167.37 OK
r-devel-linux-x86_64-debian-gcc 0.9-11 51.50 75.79 127.29 OK
r-devel-linux-x86_64-fedora-clang 0.9-11 224.71 NOTE
r-devel-linux-x86_64-fedora-gcc 0.9-11 214.74 OK
r-devel-windows-ix86+x86_64 0.9-11 209.00 177.00 386.00 NOTE
r-patched-linux-x86_64 0.9-11 60.43 97.25 157.68 OK
r-patched-solaris-x86 0.9-11 221.70 OK
r-release-linux-x86_64 0.9-11 61.15 96.12 157.27 OK
r-release-windows-ix86+x86_64 0.9-11 146.00 130.00 276.00 NOTE
r-release-osx-x86_64 0.9-11 NOTE
r-oldrel-windows-ix86+x86_64 0.9-11 178.00 183.00 361.00 NOTE
r-oldrel-osx-x86_64 0.9-11 NOTE

Additional issues

LTO

Check Details

Version: 0.9-11
Check: installed package size
Result: NOTE
     installed size is 6.6Mb
     sub-directories of 1Mb or more:
     libs 5.3Mb
Flavors: r-devel-linux-x86_64-fedora-clang, r-devel-windows-ix86+x86_64, r-release-windows-ix86+x86_64, r-release-osx-x86_64, r-oldrel-windows-ix86+x86_64, r-oldrel-osx-x86_64