CRAN Package Check Results for Package diversitree

Last updated on 2019-06-07 02:50:49 CEST.

Flavor Version Tinstall Tcheck Ttotal Status Flags
r-devel-linux-x86_64-debian-clang 0.9-11 67.94 98.12 166.06 OK
r-devel-linux-x86_64-debian-gcc 0.9-11 53.02 74.89 127.91 OK
r-devel-linux-x86_64-fedora-clang 0.9-11 239.81 NOTE
r-devel-linux-x86_64-fedora-gcc 0.9-11 218.54 OK
r-devel-windows-ix86+x86_64 0.9-11 179.00 181.00 360.00 NOTE
r-patched-linux-x86_64 0.9-11 62.52 98.54 161.06 OK
r-patched-solaris-x86 0.9-11 219.10 OK
r-release-linux-x86_64 0.9-11 58.33 98.56 156.89 OK
r-release-windows-ix86+x86_64 0.9-11 172.00 191.00 363.00 NOTE
r-release-osx-x86_64 0.9-11 NOTE
r-oldrel-windows-ix86+x86_64 0.9-11 185.00 172.00 357.00 NOTE
r-oldrel-osx-x86_64 0.9-11 NOTE

Additional issues

LTO

Check Details

Version: 0.9-11
Check: installed package size
Result: NOTE
     installed size is 6.3Mb
     sub-directories of 1Mb or more:
     libs 5.1Mb
Flavors: r-devel-linux-x86_64-fedora-clang, r-devel-windows-ix86+x86_64, r-release-windows-ix86+x86_64, r-release-osx-x86_64, r-oldrel-windows-ix86+x86_64, r-oldrel-osx-x86_64