Last updated on 2022-06-29 23:53:17 CEST.
Flavor | Version | Tinstall | Tcheck | Ttotal | Status | Flags |
---|---|---|---|---|---|---|
r-devel-linux-x86_64-debian-clang | 2.8.0 | 9.69 | 153.72 | 163.41 | OK | |
r-devel-linux-x86_64-debian-gcc | 2.8.0 | 8.59 | 113.86 | 122.45 | OK | |
r-devel-linux-x86_64-fedora-clang | 2.8.0 | 207.96 | OK | |||
r-devel-linux-x86_64-fedora-gcc | 2.8.0 | 214.03 | OK | |||
r-devel-windows-x86_64 | 2.8.0 | 20.00 | 200.00 | 220.00 | OK | |
r-patched-linux-x86_64 | 2.8.0 | 9.62 | 148.85 | 158.47 | OK | |
r-release-linux-x86_64 | 2.8.0 | 10.41 | 146.24 | 156.65 | OK | |
r-release-macos-arm64 | 2.8.0 | 56.00 | NOTE | |||
r-release-macos-x86_64 | 2.8.0 | 122.00 | OK | |||
r-release-windows-x86_64 | 2.8.0 | 21.00 | 192.00 | 213.00 | OK | |
r-oldrel-macos-arm64 | 2.8.0 | 70.00 | OK | |||
r-oldrel-macos-x86_64 | 2.8.0 | 114.00 | OK | |||
r-oldrel-windows-ix86+x86_64 | 2.8.0 | 23.00 | 179.00 | 202.00 | OK |
Version: 2.8.0
Check: package dependencies
Result: NOTE
Package suggested but not available for checking: ‘Biobase’
Flavor: r-release-macos-arm64