CRAN Package Check Results for Package disto

Last updated on 2019-10-06 23:46:58 CEST.

Flavor Version Tinstall Tcheck Ttotal Status Flags
r-devel-linux-x86_64-debian-clang 0.2.0 2.95 32.50 35.45 OK
r-devel-linux-x86_64-debian-gcc 0.2.0 2.24 25.44 27.68 OK
r-devel-linux-x86_64-fedora-clang 0.2.0 43.17 NOTE
r-devel-linux-x86_64-fedora-gcc 0.2.0 42.06 NOTE
r-devel-windows-ix86+x86_64 0.2.0 19.00 52.00 71.00 OK
r-patched-linux-x86_64 0.2.0 2.31 31.99 34.30 OK
r-patched-solaris-x86 0.2.0 57.90 NOTE
r-release-linux-x86_64 0.2.0 2.29 32.21 34.50 OK
r-release-windows-ix86+x86_64 0.2.0 7.00 51.00 58.00 OK
r-release-osx-x86_64 0.2.0 NOTE
r-oldrel-windows-ix86+x86_64 0.2.0 3.00 86.00 89.00 OK
r-oldrel-osx-x86_64 0.2.0 NOTE

Check Details

Version: 0.2.0
Check: dependencies in R code
Result: NOTE
    Namespaces in Imports field not imported from:
     ‘dplyr’ ‘proxy’
     All declared Imports should be used.
Flavors: r-devel-linux-x86_64-fedora-clang, r-devel-linux-x86_64-fedora-gcc, r-patched-solaris-x86, r-release-osx-x86_64, r-oldrel-osx-x86_64