CRAN Package Check Results for Package disto

Last updated on 2020-02-17 00:49:08 CET.

Flavor Version Tinstall Tcheck Ttotal Status Flags
r-devel-linux-x86_64-debian-clang 0.2.0 2.85 35.05 37.90 OK
r-devel-linux-x86_64-debian-gcc 0.2.0 0.35 1.93 2.28 ERROR
r-devel-linux-x86_64-fedora-clang 0.2.0 46.31 NOTE
r-devel-linux-x86_64-fedora-gcc 0.2.0 47.13 NOTE
r-devel-windows-ix86+x86_64 0.2.0 9.00 57.00 66.00 OK
r-devel-windows-ix86+x86_64-gcc8 0.2.0 18.00 80.00 98.00 OK
r-patched-linux-x86_64 0.2.0 1.95 32.12 34.07 OK
r-patched-solaris-x86 0.2.0 57.80 NOTE
r-release-linux-x86_64 0.2.0 2.25 32.91 35.16 OK
r-release-windows-ix86+x86_64 0.2.0 8.00 48.00 56.00 OK
r-release-osx-x86_64 0.2.0 NOTE
r-oldrel-windows-ix86+x86_64 0.2.0 5.00 54.00 59.00 OK
r-oldrel-osx-x86_64 0.2.0 NOTE

Check Details

Version: 0.2.0
Check: package dependencies
Result: ERROR
    Package required but not available: ‘factoextra’
    
    See section ‘The DESCRIPTION file’ in the ‘Writing R Extensions’
    manual.
Flavor: r-devel-linux-x86_64-debian-gcc

Version: 0.2.0
Check: dependencies in R code
Result: NOTE
    Namespaces in Imports field not imported from:
     ‘dplyr’ ‘proxy’
     All declared Imports should be used.
Flavors: r-devel-linux-x86_64-fedora-clang, r-devel-linux-x86_64-fedora-gcc, r-patched-solaris-x86, r-release-osx-x86_64, r-oldrel-osx-x86_64