CRAN Package Check Results for Package distcomp

Last updated on 2024-06-16 00:58:19 CEST.

Flavor Version Tinstall Tcheck Ttotal Status Flags
r-devel-linux-x86_64-debian-clang 1.3-3 27.07 130.63 157.70 OK
r-devel-linux-x86_64-debian-gcc 1.3-3 19.74 95.79 115.53 NOTE
r-devel-linux-x86_64-fedora-clang 1.3-3 202.58 NOTE
r-devel-linux-x86_64-fedora-gcc 1.3-3 193.66 OK
r-devel-windows-x86_64 1.3-3 25.00 115.00 140.00 OK
r-patched-linux-x86_64 1.3-3 21.34 125.27 146.61 OK
r-release-linux-x86_64 1.3-3 21.02 122.46 143.48 OK
r-release-macos-arm64 1.3-3 63.00 OK
r-release-macos-x86_64 1.3-3 102.00 OK
r-release-windows-x86_64 1.3-3 26.00 117.00 143.00 OK
r-oldrel-macos-arm64 1.3-3 65.00 OK
r-oldrel-macos-x86_64 1.3-3 138.00 OK
r-oldrel-windows-x86_64 1.3-3 30.00 138.00 168.00 OK

Check Details

Version: 1.3-3
Check: compiled code
Result: NOTE File ‘distcomp/libs/distcomp.so’: Found non-API call to R: ‘NAMED’ Compiled code should not call non-API entry points in R. See ‘Writing portable packages’ in the ‘Writing R Extensions’ manual. Flavors: r-devel-linux-x86_64-debian-gcc, r-devel-linux-x86_64-fedora-clang