CRAN Package Check Results for Package disprose

Last updated on 2022-10-06 23:56:05 CEST.

Flavor Version Tinstall Tcheck Ttotal Status Flags
r-devel-linux-x86_64-debian-clang 0.1.6 6.54 54.51 61.05 OK
r-devel-linux-x86_64-debian-gcc 0.1.6 4.34 40.89 45.23 OK
r-devel-linux-x86_64-fedora-clang 0.1.6 87.88 OK
r-devel-linux-x86_64-fedora-gcc 0.1.6 80.71 OK
r-devel-windows-x86_64 0.1.6 32.00 94.00 126.00 OK
r-patched-linux-x86_64 0.1.6 6.39 51.18 57.57 OK
r-release-linux-x86_64 0.1.6 5.02 49.89 54.91 OK
r-release-macos-arm64 0.1.6 34.00 NOTE
r-release-macos-x86_64 0.1.6 42.00 OK
r-release-windows-x86_64 0.1.6 28.00 86.00 114.00 OK
r-oldrel-macos-arm64 0.1.6 36.00 OK
r-oldrel-macos-x86_64 0.1.6 44.00 OK
r-oldrel-windows-ix86+x86_64 0.1.6 10.00 87.00 97.00 OK

Check Details

Version: 0.1.6
Check: package dependencies
Result: NOTE
    Package suggested but not available for checking: ‘biomartr’
Flavor: r-release-macos-arm64

Version: 0.1.6
Check: Rd cross-references
Result: NOTE
    Package unavailable to check Rd xrefs: ‘biomartr’
Flavor: r-release-macos-arm64