Last updated on 2021-04-17 23:48:22 CEST.
Flavor | Version | Tinstall | Tcheck | Ttotal | Status | Flags |
---|---|---|---|---|---|---|
r-devel-linux-x86_64-debian-clang | 2.2.3 | 2.13 | 32.47 | 34.60 | NOTE | |
r-devel-linux-x86_64-debian-gcc | 2.2.3 | 1.76 | 25.62 | 27.38 | NOTE | |
r-devel-linux-x86_64-fedora-clang | 2.2.3 | 51.49 | NOTE | |||
r-devel-linux-x86_64-fedora-gcc | 2.2.3 | 41.75 | NOTE | |||
r-devel-windows-ix86+x86_64 | 2.2.3 | 5.00 | 49.00 | 54.00 | NOTE | |
r-devel-windows-x86_64-gcc10-UCRT | 2.2.3 | NOTE | ||||
r-patched-linux-x86_64 | 2.2.3 | 2.16 | 32.21 | 34.37 | OK | |
r-patched-solaris-x86 | 2.2.3 | 77.10 | OK | |||
r-release-linux-x86_64 | 2.2.3 | 2.02 | 32.04 | 34.06 | OK | |
r-release-macos-x86_64 | 2.2.3 | OK | ||||
r-release-windows-ix86+x86_64 | 2.2.3 | 4.00 | 52.00 | 56.00 | OK | |
r-oldrel-macos-x86_64 | 2.2.3 | OK | ||||
r-oldrel-windows-ix86+x86_64 | 2.2.3 | 4.00 | 46.00 | 50.00 | OK |
Version: 2.2.3
Check: LazyData
Result: NOTE
'LazyData' is specified without a 'data' directory
Flavors: r-devel-linux-x86_64-debian-clang, r-devel-linux-x86_64-debian-gcc, r-devel-linux-x86_64-fedora-clang, r-devel-linux-x86_64-fedora-gcc, r-devel-windows-ix86+x86_64, r-devel-windows-x86_64-gcc10-UCRT