Last updated on 2022-06-30 23:52:12 CEST.
Flavor | Version | Tinstall | Tcheck | Ttotal | Status | Flags |
---|---|---|---|---|---|---|
r-devel-linux-x86_64-debian-clang | 1.3-5 | 51.54 | 327.25 | 378.79 | WARN | |
r-devel-linux-x86_64-debian-gcc | 1.3-5 | 43.09 | 240.13 | 283.22 | OK | |
r-devel-linux-x86_64-fedora-clang | 1.3-5 | 457.23 | WARN | |||
r-devel-linux-x86_64-fedora-gcc | 1.3-5 | 474.64 | NOTE | |||
r-devel-windows-x86_64 | 1.3-5 | 103.00 | 337.00 | 440.00 | OK | --no-vignettes |
r-patched-linux-x86_64 | 1.3-5 | 54.15 | 314.34 | 368.49 | OK | |
r-release-linux-x86_64 | 1.3-5 | 48.46 | 313.69 | 362.15 | OK | |
r-release-macos-arm64 | 1.3-5 | 100.00 | NOTE | |||
r-release-macos-x86_64 | 1.3-5 | 141.00 | NOTE | |||
r-release-windows-x86_64 | 1.3-5 | 88.00 | 309.00 | 397.00 | OK | --no-vignettes |
r-oldrel-macos-arm64 | 1.3-5 | 100.00 | NOTE | |||
r-oldrel-macos-x86_64 | 1.3-5 | 133.00 | NOTE | |||
r-oldrel-windows-ix86+x86_64 | 1.3-5 | 122.00 | 389.00 | 511.00 | OK | --no-vignettes |
Version: 1.3-5
Check: whether package can be installed
Result: WARN
Found the following significant warnings:
percRank.cpp:21:16: warning: use of bitwise '|' with boolean operands [-Wbitwise-instead-of-logical]
Flavors: r-devel-linux-x86_64-debian-clang, r-devel-linux-x86_64-fedora-clang
Version: 1.3-5
Check: data for non-ASCII characters
Result: NOTE
Note: found 106 marked UTF-8 strings
Flavors: r-devel-linux-x86_64-fedora-clang, r-devel-linux-x86_64-fedora-gcc, r-release-macos-arm64, r-release-macos-x86_64, r-oldrel-macos-arm64, r-oldrel-macos-x86_64