CRAN Package Check Results for Package diseq

Last updated on 2022-07-04 23:53:22 CEST.

Flavor Version Tinstall Tcheck Ttotal Status Flags
r-devel-linux-x86_64-debian-clang 0.4.6 87.85 360.41 448.26 OK
r-devel-linux-x86_64-debian-gcc 0.4.6 78.33 261.45 339.78 OK
r-devel-linux-x86_64-fedora-clang 0.4.6 546.26 OK
r-devel-linux-x86_64-fedora-gcc 0.4.6 550.28 OK
r-devel-windows-x86_64 0.4.6 119.00 470.00 589.00 OK
r-patched-linux-x86_64 0.4.6 80.15 349.13 429.28 OK
r-release-linux-x86_64 0.4.6 81.35 344.71 426.06 OK
r-release-macos-arm64 0.4.6 144.00 NOTE
r-release-macos-x86_64 0.4.6 195.00 NOTE
r-release-windows-x86_64 0.4.6 131.00 478.00 609.00 OK
r-oldrel-macos-arm64 0.4.6 113.00 NOTE
r-oldrel-macos-x86_64 0.4.6 195.00 NOTE
r-oldrel-windows-ix86+x86_64 0.4.6 158.00 560.00 718.00 NOTE

Check Details

Version: 0.4.6
Check: installed package size
Result: NOTE
     installed size is 5.9Mb
     sub-directories of 1Mb or more:
     doc 1.0Mb
     libs 3.2Mb
Flavors: r-release-macos-arm64, r-release-macos-x86_64, r-oldrel-macos-arm64, r-oldrel-macos-x86_64, r-oldrel-windows-ix86+x86_64