CRAN Package Check Results for Package discrim

Last updated on 2024-07-21 00:56:15 CEST.

Flavor Version Tinstall Tcheck Ttotal Status Flags
r-devel-linux-x86_64-debian-clang 1.0.1 7.07 102.54 109.61 OK
r-devel-linux-x86_64-debian-gcc 1.0.1 6.16 74.31 80.47 OK
r-devel-linux-x86_64-fedora-clang 1.0.1 133.78 OK
r-devel-linux-x86_64-fedora-gcc 1.0.1 125.82 OK
r-devel-windows-x86_64 1.0.1 10.00 86.00 96.00 NOTE
r-patched-linux-x86_64 1.0.1 13.93 96.53 110.46 OK
r-release-linux-x86_64 1.0.1 5.19 95.24 100.43 OK
r-release-macos-arm64 1.0.1 42.00 OK
r-release-macos-x86_64 1.0.1 61.00 OK
r-release-windows-x86_64 1.0.1 8.00 86.00 94.00 OK
r-oldrel-macos-arm64 1.0.1 54.00 OK
r-oldrel-macos-x86_64 1.0.1 90.00 OK
r-oldrel-windows-x86_64 1.0.1 10.00 105.00 115.00 OK

Check Details

Version: 1.0.1
Check: Rd cross-references
Result: NOTE Found the following Rd file(s) with Rd \link{} targets missing package anchors: discrim-package.Rd: discrim_flexible Please provide package anchors for all Rd \link{} targets not in the package itself and the base packages. Flavor: r-devel-windows-x86_64