CRAN Package Check Results for Package discretization

Last updated on 2020-11-25 23:51:35 CET.

Flavor Version Tinstall Tcheck Ttotal Status Flags
r-devel-linux-x86_64-debian-clang 1.0-1 2.96 33.21 36.17 NOTE
r-devel-linux-x86_64-debian-gcc 1.0-1 2.22 25.61 27.83 NOTE
r-devel-linux-x86_64-fedora-clang 1.0-1 48.95 NOTE
r-devel-linux-x86_64-fedora-gcc 1.0-1 39.38 NOTE
r-devel-windows-ix86+x86_64 1.0-1 5.00 47.00 52.00 NOTE
r-patched-linux-x86_64 1.0-1 3.03 32.45 35.48 NOTE
r-patched-solaris-x86 1.0-1 54.20 NOTE
r-release-linux-x86_64 1.0-1 3.06 32.45 35.51 NOTE
r-release-macos-x86_64 1.0-1 NOTE
r-release-windows-ix86+x86_64 1.0-1 6.00 34.00 40.00 NOTE
r-oldrel-macos-x86_64 1.0-1 NOTE
r-oldrel-windows-ix86+x86_64 1.0-1 5.00 50.00 55.00 NOTE

Check Details

Version: 1.0-1
Check: DESCRIPTION meta-information
Result: NOTE
    Malformed Title field: should not end in a period.
Flavors: r-devel-linux-x86_64-debian-clang, r-devel-linux-x86_64-debian-gcc, r-devel-linux-x86_64-fedora-clang, r-devel-linux-x86_64-fedora-gcc, r-devel-windows-ix86+x86_64, r-patched-linux-x86_64, r-patched-solaris-x86, r-release-linux-x86_64, r-release-macos-x86_64, r-release-windows-ix86+x86_64, r-oldrel-macos-x86_64, r-oldrel-windows-ix86+x86_64

Version: 1.0-1
Check: R code for possible problems
Result: NOTE
    value: no visible global function definition for 'qchisq'
    Undefined global functions or variables:
     qchisq
    Consider adding
     importFrom("stats", "qchisq")
    to your NAMESPACE file.
Flavors: r-devel-linux-x86_64-debian-clang, r-devel-linux-x86_64-debian-gcc, r-devel-linux-x86_64-fedora-clang, r-devel-linux-x86_64-fedora-gcc, r-devel-windows-ix86+x86_64, r-patched-linux-x86_64, r-patched-solaris-x86, r-release-linux-x86_64, r-release-macos-x86_64, r-release-windows-ix86+x86_64, r-oldrel-macos-x86_64, r-oldrel-windows-ix86+x86_64