CRAN Package Check Results for Package discretecdAlgorithm

Last updated on 2021-04-17 23:48:22 CEST.

Flavor Version Tinstall Tcheck Ttotal Status Flags
r-devel-linux-x86_64-debian-clang 0.0.7 81.22 42.66 123.88 NOTE
r-devel-linux-x86_64-debian-gcc 0.0.7 43.37 32.93 76.30 NOTE
r-devel-linux-x86_64-fedora-clang 0.0.7 174.31 NOTE
r-devel-linux-x86_64-fedora-gcc 0.0.7 140.42 NOTE
r-devel-windows-ix86+x86_64 0.0.7 138.00 97.00 235.00 NOTE
r-devel-windows-x86_64-gcc10-UCRT 0.0.7 NOTE
r-patched-linux-x86_64 0.0.7 53.58 40.87 94.45 OK
r-patched-solaris-x86 0.0.7 135.10 OK
r-release-linux-x86_64 0.0.7 50.29 41.32 91.61 OK
r-release-macos-x86_64 0.0.7 NOTE
r-release-windows-ix86+x86_64 0.0.7 115.00 104.00 219.00 OK
r-oldrel-macos-x86_64 0.0.7 NOTE
r-oldrel-windows-ix86+x86_64 0.0.7 87.00 88.00 175.00 OK

Check Details

Version: 0.0.7
Check: LazyData
Result: NOTE
     'LazyData' is specified without a 'data' directory
Flavors: r-devel-linux-x86_64-debian-clang, r-devel-linux-x86_64-debian-gcc, r-devel-linux-x86_64-fedora-clang, r-devel-linux-x86_64-fedora-gcc, r-devel-windows-ix86+x86_64, r-devel-windows-x86_64-gcc10-UCRT

Version: 0.0.7
Check: installed package size
Result: NOTE
     installed size is 10.2Mb
     sub-directories of 1Mb or more:
     libs 10.1Mb
Flavors: r-devel-linux-x86_64-fedora-clang, r-release-macos-x86_64, r-oldrel-macos-x86_64