CRAN Package Check Results for Package diptest

Last updated on 2019-08-18 23:47:31 CEST.

Flavor Version Tinstall Tcheck Ttotal Status Flags
r-devel-linux-x86_64-debian-clang 0.75-7 2.45 34.88 37.33 NOTE
r-devel-linux-x86_64-debian-gcc 0.75-7 2.16 27.90 30.06 NOTE
r-devel-linux-x86_64-fedora-clang 0.75-7 48.27 NOTE
r-devel-linux-x86_64-fedora-gcc 0.75-7 45.81 NOTE
r-devel-windows-ix86+x86_64 0.75-7 15.00 87.00 102.00 NOTE
r-patched-linux-x86_64 0.75-7 2.29 34.34 36.63 NOTE
r-patched-solaris-x86 0.75-7 69.70 NOTE
r-release-linux-x86_64 0.75-7 2.49 34.59 37.08 NOTE
r-release-windows-ix86+x86_64 0.75-7 7.00 88.00 95.00 NOTE
r-release-osx-x86_64 0.75-7 NOTE
r-oldrel-windows-ix86+x86_64 0.75-7 7.00 62.00 69.00 NOTE
r-oldrel-osx-x86_64 0.75-7 NOTE

Check Details

Version: 0.75-7
Check: R code for possible problems
Result: NOTE
    aLine: no visible global function definition for 'lines'
    aLine: no visible global function definition for 'ecdf'
    dip.test: no visible global function definition for 'complete.cases'
    dip.test: no visible global function definition for 'runif'
    dip.test: no visible global function definition for 'approx'
    plot.dip: no visible global function definition for 'par'
    plot.dip: no visible global function definition for 'ecdf'
    plot.dip: no visible global function definition for 'plot'
    plot.dip: no visible global function definition for 'title'
    plot.dip: no visible global function definition for 'abline'
    plot.dip: no visible global function definition for 'axis'
    plot.dip: no visible global function definition for 'legend'
    Undefined global functions or variables:
     abline approx axis complete.cases ecdf legend lines par plot runif
     title
    Consider adding
     importFrom("graphics", "abline", "axis", "legend", "lines", "par",
     "plot", "title")
     importFrom("stats", "approx", "complete.cases", "ecdf", "runif")
    to your NAMESPACE file.
Flavors: r-devel-linux-x86_64-debian-clang, r-devel-linux-x86_64-debian-gcc, r-devel-linux-x86_64-fedora-clang, r-devel-linux-x86_64-fedora-gcc, r-devel-windows-ix86+x86_64, r-patched-linux-x86_64, r-patched-solaris-x86, r-release-linux-x86_64, r-release-windows-ix86+x86_64, r-release-osx-x86_64, r-oldrel-windows-ix86+x86_64, r-oldrel-osx-x86_64

Version: 0.75-7
Check: contents of ‘data’ directory
Result: NOTE
    Output for data("exHartigan", package = "diptest"):
     'exHartigan' data is identical to 'statfaculty' and hence deprecated.
     Use the 'statfaculty' instead
Flavors: r-devel-linux-x86_64-debian-clang, r-devel-linux-x86_64-debian-gcc, r-devel-linux-x86_64-fedora-clang, r-devel-linux-x86_64-fedora-gcc, r-devel-windows-ix86+x86_64, r-patched-linux-x86_64, r-patched-solaris-x86, r-release-linux-x86_64, r-release-windows-ix86+x86_64, r-release-osx-x86_64