CRAN Package Check Results for Package diffeqr

Last updated on 2023-04-02 00:57:29 CEST.

Flavor Version Tinstall Tcheck Ttotal Status Flags
r-devel-linux-x86_64-debian-clang 1.1.3 3.45 38.24 41.69 OK
r-devel-linux-x86_64-debian-gcc 1.1.3 2.78 29.79 32.57 OK
r-devel-linux-x86_64-fedora-clang 1.1.3 51.98 NOTE
r-devel-linux-x86_64-fedora-gcc 1.1.3 61.66 OK
r-devel-windows-x86_64 1.1.3 8.00 69.00 77.00 NOTE
r-patched-linux-x86_64 1.1.3 3.37 36.79 40.16 OK
r-release-linux-x86_64 1.1.3 3.66 37.76 41.42 OK
r-release-macos-arm64 1.1.3 62.00 NOTE
r-release-macos-x86_64 1.1.3 35.00 NOTE
r-release-windows-x86_64 1.1.3 14.00 78.00 92.00 NOTE
r-oldrel-macos-arm64 1.1.3 39.00 NOTE
r-oldrel-macos-x86_64 1.1.3 41.00 NOTE
r-oldrel-windows-ix86+x86_64 1.1.3 8.00 74.00 82.00 NOTE

Check Details

Version: 1.1.3
Check: installed package size
Result: NOTE
     installed size is 10.9Mb
     sub-directories of 1Mb or more:
     doc 10.8Mb
Flavors: r-devel-linux-x86_64-fedora-clang, r-devel-windows-x86_64, r-release-macos-arm64, r-release-macos-x86_64, r-release-windows-x86_64, r-oldrel-macos-arm64, r-oldrel-macos-x86_64, r-oldrel-windows-ix86+x86_64