CRAN Package Check Results for Package dialrjars

Last updated on 2019-10-20 23:47:23 CEST.

Flavor Version Tinstall Tcheck Ttotal Status Flags
r-devel-linux-x86_64-debian-clang 8.10.14 2.85 24.72 27.57 OK
r-devel-linux-x86_64-debian-gcc 8.10.14 1.92 20.14 22.06 OK
r-devel-linux-x86_64-fedora-clang 8.10.14 34.13 OK
r-devel-linux-x86_64-fedora-gcc 8.10.14 33.42 OK
r-devel-windows-ix86+x86_64 8.10.14 4.00 5.00 9.00 ERROR
r-patched-linux-x86_64 8.10.14 2.43 24.49 26.92 OK
r-patched-solaris-x86 8.10.14 51.00 OK
r-release-linux-x86_64 8.10.14 2.47 24.59 27.06 OK
r-release-windows-ix86+x86_64 8.10.14 9.00 39.00 48.00 OK
r-release-osx-x86_64 8.10.14 OK
r-oldrel-windows-ix86+x86_64 8.10.14 3.00 36.00 39.00 OK
r-oldrel-osx-x86_64 8.10.14 OK

Check Details

Version: 8.10.14
Check: whether package can be installed
Result: ERROR
    Installation failed.
Flavor: r-devel-windows-ix86+x86_64