CRAN Package Check Results for Package dfmta

Last updated on 2019-12-08 23:47:20 CET.

Flavor Version Tinstall Tcheck Ttotal Status Flags
r-devel-linux-x86_64-debian-clang 1.7-0 25.56 23.62 49.18 WARN
r-devel-linux-x86_64-debian-gcc 1.7-0 17.85 18.16 36.01 WARN
r-devel-linux-x86_64-fedora-clang 1.7-0 65.01 WARN
r-devel-linux-x86_64-fedora-gcc 1.7-0 62.22 WARN
r-devel-windows-ix86+x86_64 1.7-0 50.00 69.00 119.00 OK
r-devel-windows-ix86+x86_64-gcc8 1.7-0 47.00 58.00 105.00 OK
r-patched-linux-x86_64 1.7-0 19.37 21.89 41.26 OK
r-patched-solaris-x86 1.7-0 68.30 OK
r-release-linux-x86_64 1.7-0 19.66 21.75 41.41 OK
r-release-windows-ix86+x86_64 1.7-0 57.00 52.00 109.00 OK
r-release-osx-x86_64 1.7-0 OK
r-oldrel-windows-ix86+x86_64 1.7-0 37.00 50.00 87.00 OK
r-oldrel-osx-x86_64 1.7-0 OK

Check Details

Version: 1.7-0
Check: whether package can be installed
Result: WARN
    Found the following significant warnings:
     'config' variable 'CXXCPP' is deprecated
Flavors: r-devel-linux-x86_64-debian-clang, r-devel-linux-x86_64-debian-gcc, r-devel-linux-x86_64-fedora-clang, r-devel-linux-x86_64-fedora-gcc