CRAN Package Check Results for Package detectRUNS

Last updated on 2021-03-02 23:48:29 CET.

Flavor Version Tinstall Tcheck Ttotal Status Flags
r-devel-linux-x86_64-debian-clang 0.9.6 OK
r-devel-linux-x86_64-debian-gcc 0.9.6 20.77 65.90 86.67 OK
r-devel-linux-x86_64-fedora-clang 0.9.6 160.37 NOTE
r-devel-linux-x86_64-fedora-gcc 0.9.6 141.65 OK
r-devel-windows-ix86+x86_64 0.9.6 76.00 169.00 245.00 NOTE
r-patched-linux-x86_64 0.9.6 29.12 83.16 112.28 OK
r-patched-solaris-x86 0.9.6 175.30 OK
r-release-linux-x86_64 0.9.6 25.63 84.21 109.84 OK
r-release-macos-x86_64 0.9.6 NOTE
r-release-windows-ix86+x86_64 0.9.6 59.00 132.00 191.00 NOTE
r-oldrel-macos-x86_64 0.9.6 NOTE
r-oldrel-windows-ix86+x86_64 0.9.6 69.00 152.00 221.00 OK

Check Details

Version: 0.9.6
Check: installed package size
Result: NOTE
     installed size is 5.4Mb
     sub-directories of 1Mb or more:
     extdata 2.1Mb
     libs 2.5Mb
Flavors: r-devel-linux-x86_64-fedora-clang, r-devel-windows-ix86+x86_64, r-release-macos-x86_64, r-release-windows-ix86+x86_64, r-oldrel-macos-x86_64