CRAN Package Check Results for Package desla

Last updated on 2022-11-29 22:53:34 CET.

Flavor Version Tinstall Tcheck Ttotal Status Flags
r-devel-linux-x86_64-debian-clang 0.2.0 56.53 37.55 94.08 OK
r-devel-linux-x86_64-debian-gcc 0.2.0 47.14 28.86 76.00 OK
r-devel-linux-x86_64-fedora-clang 0.2.0 140.50 OK
r-devel-linux-x86_64-fedora-gcc 0.2.0 137.62 OK
r-devel-windows-x86_64 0.2.0 51.00 98.00 149.00 OK
r-patched-linux-x86_64 0.2.0 45.02 35.65 80.67 OK
r-release-linux-x86_64 0.2.0 53.87 35.63 89.50 OK
r-release-macos-arm64 0.2.0 36.00 NOTE
r-release-macos-x86_64 0.2.0 48.00 NOTE
r-release-windows-x86_64 0.2.0 45.00 89.00 134.00 OK
r-oldrel-macos-arm64 0.2.0 34.00 NOTE
r-oldrel-macos-x86_64 0.2.0 49.00 NOTE
r-oldrel-windows-ix86+x86_64 0.2.0 127.00 86.00 213.00 OK

Check Details

Version: 0.2.0
Check: installed package size
Result: NOTE
     installed size is 6.0Mb
     sub-directories of 1Mb or more:
     libs 5.9Mb
Flavors: r-release-macos-arm64, r-release-macos-x86_64, r-oldrel-macos-arm64, r-oldrel-macos-x86_64