Last updated on 2022-05-17 23:56:33 CEST.
Flavor | Version | Tinstall | Tcheck | Ttotal | Status | Flags |
---|---|---|---|---|---|---|
r-devel-linux-x86_64-debian-clang | 0.3.1 | 6.39 | 96.41 | 102.80 | NOTE | |
r-devel-linux-x86_64-debian-gcc | 0.3.1 | 4.57 | 69.45 | 74.02 | NOTE | |
r-devel-linux-x86_64-fedora-clang | 0.3.1 | 118.71 | NOTE | |||
r-devel-linux-x86_64-fedora-gcc | 0.3.1 | 113.93 | NOTE | |||
r-devel-windows-x86_64 | 0.3.1 | 18.00 | 106.00 | 124.00 | NOTE | |
r-patched-linux-x86_64 | 0.3.1 | 4.78 | 91.06 | 95.84 | NOTE | |
r-release-linux-x86_64 | 0.3.1 | 5.01 | 92.62 | 97.63 | NOTE | |
r-release-macos-arm64 | 0.3.1 | 25.00 | NOTE | |||
r-release-macos-x86_64 | 0.3.1 | 46.00 | NOTE | |||
r-release-windows-x86_64 | 0.3.1 | 27.00 | 107.00 | 134.00 | NOTE | |
r-oldrel-macos-arm64 | 0.3.1 | 34.00 | NOTE | |||
r-oldrel-macos-x86_64 | 0.3.1 | 50.00 | NOTE | |||
r-oldrel-windows-ix86+x86_64 | 0.3.1 | 12.00 | 109.00 | 121.00 | NOTE |
Version: 0.3.1
Check: package dependencies
Result: NOTE
Package which this enhances but not available for checking: 'gurobi'
Flavors: r-devel-linux-x86_64-debian-clang, r-devel-linux-x86_64-debian-gcc, r-patched-linux-x86_64, r-release-linux-x86_64
Version: 0.3.1
Check: package dependencies
Result: NOTE
Packages which this enhances but not available for checking:
'gurobi', 'Rcplex'
Flavors: r-devel-linux-x86_64-fedora-clang, r-devel-linux-x86_64-fedora-gcc, r-devel-windows-x86_64, r-release-macos-arm64, r-release-macos-x86_64, r-release-windows-x86_64, r-oldrel-macos-x86_64, r-oldrel-windows-ix86+x86_64
Version: 0.3.1
Check: package dependencies
Result: NOTE
Packages which this enhances but not available for checking:
'gurobi', 'Rcplex', 'Rsymphony'
Flavor: r-oldrel-macos-arm64