CRAN Package Check Results for Package desctable

Last updated on 2022-12-03 23:56:13 CET.

Flavor Version Tinstall Tcheck Ttotal Status Flags
r-devel-linux-x86_64-debian-clang 0.3.0 7.33 78.82 86.15 OK
r-devel-linux-x86_64-debian-gcc 0.3.0 5.70 58.43 64.13 OK
r-devel-linux-x86_64-fedora-clang 0.3.0 114.60 NOTE
r-devel-linux-x86_64-fedora-gcc 0.3.0 111.04 OK
r-devel-windows-x86_64 0.3.0 38.00 114.00 152.00 OK
r-patched-linux-x86_64 0.3.0 11.76 70.54 82.30 OK
r-release-linux-x86_64 0.3.0 6.61 68.39 75.00 OK
r-release-macos-arm64 0.3.0 35.00 OK
r-release-macos-x86_64 0.3.0 68.00 OK
r-release-windows-x86_64 0.3.0 39.00 115.00 154.00 OK
r-oldrel-macos-arm64 0.3.0 29.00 OK
r-oldrel-macos-x86_64 0.3.0 62.00 OK
r-oldrel-windows-ix86+x86_64 0.3.0 17.00 98.00 115.00 OK

Check Details

Version: 0.3.0
Check: Rd cross-references
Result: NOTE
    Undeclared package ‘htmlwidgets’ in Rd xrefs
Flavor: r-devel-linux-x86_64-fedora-clang