CRAN Package Check Results for Package describedata

Last updated on 2022-06-28 23:54:02 CEST.

Flavor Version Tinstall Tcheck Ttotal Status Flags
r-devel-linux-x86_64-debian-clang 0.1.0 7.40 76.97 84.37 NOTE
r-devel-linux-x86_64-debian-gcc 0.1.0 5.46 57.28 62.74 NOTE
r-devel-linux-x86_64-fedora-clang 0.1.0 108.79 NOTE
r-devel-linux-x86_64-fedora-gcc 0.1.0 106.01 NOTE
r-devel-windows-x86_64 0.1.0 26.00 103.00 129.00 NOTE
r-patched-linux-x86_64 0.1.0 5.76 71.73 77.49 NOTE
r-release-linux-x86_64 0.1.0 5.72 70.87 76.59 NOTE
r-release-macos-arm64 0.1.0 32.00 NOTE
r-release-macos-x86_64 0.1.0 51.00 NOTE
r-release-windows-x86_64 0.1.0 31.00 98.00 129.00 NOTE
r-oldrel-macos-arm64 0.1.0 37.00 NOTE
r-oldrel-macos-x86_64 0.1.0 56.00 NOTE
r-oldrel-windows-ix86+x86_64 0.1.0 18.00 95.00 113.00 NOTE

Check Details

Version: 0.1.0
Check: LazyData
Result: NOTE
     'LazyData' is specified without a 'data' directory
Flavors: r-devel-linux-x86_64-debian-clang, r-devel-linux-x86_64-debian-gcc, r-devel-linux-x86_64-fedora-clang, r-devel-linux-x86_64-fedora-gcc, r-devel-windows-x86_64, r-patched-linux-x86_64, r-release-linux-x86_64, r-release-macos-arm64, r-release-macos-x86_64, r-release-windows-x86_64, r-oldrel-macos-arm64, r-oldrel-macos-x86_64, r-oldrel-windows-ix86+x86_64