CRAN Package Check Results for Package describedata

Last updated on 2022-12-01 23:51:41 CET.

Flavor Version Tinstall Tcheck Ttotal Status Flags
r-devel-linux-x86_64-debian-clang 0.1.0 7.30 85.74 93.04 NOTE
r-devel-linux-x86_64-debian-gcc 0.1.0 6.07 62.67 68.74 NOTE
r-devel-linux-x86_64-fedora-clang 0.1.0 120.53 NOTE
r-devel-linux-x86_64-fedora-gcc 0.1.0 115.85 NOTE
r-devel-windows-x86_64 0.1.0 25.00 109.00 134.00 NOTE
r-patched-linux-x86_64 0.1.0 4.74 76.67 81.41 NOTE
r-release-linux-x86_64 0.1.0 4.55 77.18 81.73 NOTE
r-release-macos-arm64 0.1.0 32.00 NOTE
r-release-macos-x86_64 0.1.0 51.00 NOTE
r-release-windows-x86_64 0.1.0 26.00 109.00 135.00 NOTE
r-oldrel-macos-arm64 0.1.0 37.00 NOTE
r-oldrel-macos-x86_64 0.1.0 56.00 NOTE
r-oldrel-windows-ix86+x86_64 0.1.0 21.00 105.00 126.00 NOTE

Check Details

Version: 0.1.0
Check: LazyData
Result: NOTE
     'LazyData' is specified without a 'data' directory
Flavors: r-devel-linux-x86_64-debian-clang, r-devel-linux-x86_64-debian-gcc, r-devel-linux-x86_64-fedora-clang, r-devel-linux-x86_64-fedora-gcc, r-devel-windows-x86_64, r-patched-linux-x86_64, r-release-linux-x86_64, r-release-macos-arm64, r-release-macos-x86_64, r-release-windows-x86_64, r-oldrel-macos-arm64, r-oldrel-macos-x86_64, r-oldrel-windows-ix86+x86_64