CRAN Package Check Results for Package depth

Last updated on 2022-06-28 23:54:02 CEST.

Flavor Version Tinstall Tcheck Ttotal Status Flags
r-devel-linux-x86_64-debian-clang 2.1-1.1 12.57 60.53 73.10 OK
r-devel-linux-x86_64-debian-gcc 2.1-1.1 10.33 45.55 55.88 OK
r-devel-linux-x86_64-fedora-clang 2.1-1.1 97.35 NOTE
r-devel-linux-x86_64-fedora-gcc 2.1-1.1 95.81 NOTE
r-devel-windows-x86_64 2.1-1.1 17.00 91.00 108.00 OK
r-patched-linux-x86_64 2.1-1.1 11.41 57.75 69.16 OK
r-release-linux-x86_64 2.1-1.1 12.59 56.35 68.94 OK
r-release-macos-arm64 2.1-1.1 35.00 OK
r-release-macos-x86_64 2.1-1.1 42.00 OK
r-release-windows-x86_64 2.1-1.1 18.00 96.00 114.00 OK
r-oldrel-macos-arm64 2.1-1.1 45.00 OK
r-oldrel-macos-x86_64 2.1-1.1 63.00 OK
r-oldrel-windows-ix86+x86_64 2.1-1.1 26.00 101.00 127.00 OK

Check Details

Version: 2.1-1.1
Check: compiled code
Result: NOTE
    File ‘depth/libs/depth.so’:
     Found no calls to: ‘R_registerRoutines’, ‘R_useDynamicSymbols’
    
    It is good practice to register native routines and to disable symbol
    search.
    
    See ‘Writing portable packages’ in the ‘Writing R Extensions’ manual.
Flavors: r-devel-linux-x86_64-fedora-clang, r-devel-linux-x86_64-fedora-gcc