CRAN Package Check Results for Package depth

Last updated on 2019-03-19 02:49:51 CET.

Flavor Version Tinstall Tcheck Ttotal Status Flags
r-devel-linux-x86_64-debian-clang 2.1-1 11.52 49.76 61.28 OK
r-devel-linux-x86_64-debian-gcc 2.1-1 9.17 39.11 48.28 OK
r-devel-linux-x86_64-fedora-clang 2.1-1 74.35 NOTE
r-devel-linux-x86_64-fedora-gcc 2.1-1 69.57 NOTE
r-devel-windows-ix86+x86_64 2.1-1 38.00 120.00 158.00 OK
r-patched-linux-x86_64 2.1-1 8.27 47.29 55.56 OK
r-patched-solaris-x86 2.1-1 99.50 OK
r-release-linux-x86_64 2.1-1 8.54 47.53 56.07 OK
r-release-windows-ix86+x86_64 2.1-1 24.00 115.00 139.00 OK
r-release-osx-x86_64 2.1-1 OK
r-oldrel-windows-ix86+x86_64 2.1-1 14.00 7.00 21.00 ERROR
r-oldrel-osx-x86_64 2.1-1 OK

Check Details

Version: 2.1-1
Check: compiled code
Result: NOTE
    File ‘depth/libs/depth.so’:
     Found no calls to: ‘R_registerRoutines’, ‘R_useDynamicSymbols’
    
    It is good practice to register native routines and to disable symbol
    search.
    
    See ‘Writing portable packages’ in the ‘Writing R Extensions’ manual.
Flavors: r-devel-linux-x86_64-fedora-clang, r-devel-linux-x86_64-fedora-gcc

Version: 2.1-1
Check: whether package can be installed
Result: ERROR
    Installation failed.
Flavor: r-oldrel-windows-ix86+x86_64