CRAN Package Check Results for Package densEstBayes

Last updated on 2021-03-01 23:48:53 CET.

Flavor Version Tinstall Tcheck Ttotal Status Flags
r-devel-linux-x86_64-debian-clang 1.0-1 OK
r-devel-linux-x86_64-debian-gcc 1.0-1 138.95 90.85 229.80 OK
r-devel-linux-x86_64-fedora-clang 1.0-1 407.29 NOTE
r-devel-linux-x86_64-fedora-gcc 1.0-1 395.63 NOTE
r-devel-windows-ix86+x86_64 1.0-1 313.00 174.00 487.00 NOTE
r-patched-linux-x86_64 1.0-1 125.32 113.79 239.11 OK
r-patched-solaris-x86 1.0-1 417.50 NOTE
r-release-linux-x86_64 1.0-1 126.11 113.81 239.92 OK
r-release-macos-x86_64 1.0-1 NOTE
r-release-windows-ix86+x86_64 1.0-1 416.00 240.00 656.00 NOTE
r-oldrel-macos-x86_64 1.0-1 NOTE
r-oldrel-windows-ix86+x86_64 1.0-1 274.00 174.00 448.00 NOTE

Check Details

Version: 1.0-1
Check: installed package size
Result: NOTE
     installed size is 35.4Mb
     sub-directories of 1Mb or more:
     doc 1.9Mb
     libs 33.2Mb
Flavors: r-devel-linux-x86_64-fedora-clang, r-devel-windows-ix86+x86_64, r-release-macos-x86_64, r-release-windows-ix86+x86_64, r-oldrel-macos-x86_64, r-oldrel-windows-ix86+x86_64

Version: 1.0-1
Check: dependencies in R code
Result: NOTE
    Namespace in Imports field not imported from: ‘methods’
     All declared Imports should be used.
Flavors: r-devel-linux-x86_64-fedora-clang, r-devel-linux-x86_64-fedora-gcc, r-patched-solaris-x86, r-release-macos-x86_64, r-oldrel-macos-x86_64