CRAN Package Check Results for Package dendsort

Last updated on 2020-10-28 23:47:12 CET.

Flavor Version Tinstall Tcheck Ttotal Status Flags
r-devel-linux-x86_64-debian-clang 0.3.3 2.51 37.56 40.07 NOTE
r-devel-linux-x86_64-debian-gcc 0.3.3 1.91 27.79 29.70 NOTE
r-devel-linux-x86_64-fedora-clang 0.3.3 57.29 NOTE
r-devel-linux-x86_64-fedora-gcc 0.3.3 45.46 NOTE
r-devel-windows-ix86+x86_64 0.3.3 5.00 54.00 59.00 OK
r-patched-linux-x86_64 0.3.3 2.05 36.49 38.54 NOTE
r-patched-solaris-x86 0.3.3 67.00 NOTE
r-release-linux-x86_64 0.3.3 2.33 34.94 37.27 NOTE
r-release-macos-x86_64 0.3.3 NOTE
r-release-windows-ix86+x86_64 0.3.3 4.00 39.00 43.00 OK
r-oldrel-macos-x86_64 0.3.3 OK
r-oldrel-windows-ix86+x86_64 0.3.3 27.00 52.00 79.00 OK

Check Details

Version: 0.3.3
Check: package dependencies
Result: NOTE
    Package suggested but not available for checking: 'gapmap'
Flavors: r-devel-linux-x86_64-debian-clang, r-devel-linux-x86_64-debian-gcc, r-devel-linux-x86_64-fedora-clang, r-devel-linux-x86_64-fedora-gcc, r-patched-linux-x86_64, r-patched-solaris-x86, r-release-linux-x86_64, r-release-macos-x86_64