Last updated on 2023-03-20 00:54:03 CET.
Flavor | Version | Tinstall | Tcheck | Ttotal | Status | Flags |
---|---|---|---|---|---|---|
r-devel-linux-x86_64-debian-clang | 1.1.1 | OK | ||||
r-devel-linux-x86_64-debian-gcc | 1.1.1 | 117.99 | 39.99 | 157.98 | OK | |
r-devel-linux-x86_64-fedora-clang | 1.1.1 | 275.42 | OK | |||
r-devel-linux-x86_64-fedora-gcc | 1.1.1 | 267.11 | OK | |||
r-devel-windows-x86_64 | 1.1.1 | 205.00 | 6.00 | 211.00 | ERROR | |
r-patched-linux-x86_64 | 1.1.1 | 111.48 | 51.64 | 163.12 | OK | |
r-release-linux-x86_64 | 1.1.1 | 118.21 | 50.47 | 168.68 | OK | |
r-release-macos-arm64 | 1.1.1 | 70.00 | NOTE | |||
r-release-macos-x86_64 | 1.1.1 | 84.00 | NOTE | |||
r-release-windows-x86_64 | 1.1.1 | 115.00 | 105.00 | 220.00 | OK | |
r-oldrel-macos-arm64 | 1.1.1 | 67.00 | NOTE | |||
r-oldrel-macos-x86_64 | 1.1.1 | 89.00 | NOTE | |||
r-oldrel-windows-ix86+x86_64 | 1.1.1 | 345.00 | 132.00 | 477.00 | WARN |
Version: 1.1.1
Check: whether package can be installed
Result: ERROR
Installation failed.
Flavor: r-devel-windows-x86_64
Version: 1.1.1
Check: installed package size
Result: NOTE
installed size is 12.4Mb
sub-directories of 1Mb or more:
libs 12.3Mb
Flavors: r-release-macos-arm64, r-release-macos-x86_64, r-oldrel-macos-arm64, r-oldrel-macos-x86_64
Version: 1.1.1
Check: whether package can be installed
Result: WARN
Found the following significant warnings:
d:/RCompile/CRANpkg/lib/4.1/BH/include/boost/container/detail/copy_move_algo.hpp:226:19: warning: 'void* memmove(void*, const void*, size_t)' writing to an object of type 'value_type' {aka 'struct std::pair<CGAL::internal::CC_iterator<CGAL::Compact_container<CGAL::Constrained_triangulation_face_base_2<CGAL::Epick, CGAL::Triangulation_face_base_with_info_2<FaceInfo2, CGAL::Epick, CGAL::Triangulation_face_base_2<CGAL::Epick, CGAL::Triangulation_ds_face_base_2<CGAL::Triangulation_data_structure_2<CGAL::Triangulation_vertex_base_with_info_2<int, CGAL::Epick>, CGAL::Constrained_triangulation_face_base_2<CGAL::Epick, CGAL::Triangulation_face_base_with_info_2<FaceInfo2, CGAL::Epick> > > > > > >, CGAL::Default, CGAL::Default, CGAL::Default>, false>, int>'} with no trivial copy-assignment; use copy-assignment or copy-initialization instead [-Wclass-memaccess]
d:/RCompile/CRANpkg/lib/4.1/BH/include/boost/container/detail/copy_move_algo.hpp:226:19: warning: 'void* memmove(void*, const void*, size_t)' writing to an object of type 'value_type' {aka 'struct std::pair<CGAL::internal::CC_iterator<CGAL::Compact_container<CGAL::Triangulation_ds_cell_base_3<CGAL::Triangulation_data_structure_3<CGAL::Triangulation_vertex_base_with_info_3<int, CGAL::Epick> > >, CGAL::Default, CGAL::Default, CGAL::Default>, false>, int>'} with no trivial copy-assignment; use copy-assignment or copy-initialization instead [-Wclass-memaccess]
Flavor: r-oldrel-windows-ix86+x86_64
Version: 1.1.1
Check: R code for possible problems
Result: NOTE
Initiating curl with CURL_SSL_BACKEND: openssl
Flavor: r-oldrel-windows-ix86+x86_64