Last updated on 2023-01-30 00:31:09 CET.
Flavor | Version | Tinstall | Tcheck | Ttotal | Status | Flags |
---|---|---|---|---|---|---|
r-devel-linux-x86_64-debian-clang | 3.1.1 | 74.81 | 410.21 | 485.02 | OK | |
r-devel-linux-x86_64-debian-gcc | 3.1.1 | 58.13 | 292.63 | 350.76 | NOTE | |
r-devel-linux-x86_64-fedora-clang | 3.1.1 | 649.01 | OK | |||
r-devel-linux-x86_64-fedora-gcc | 3.1.1 | 640.85 | NOTE | |||
r-devel-windows-x86_64 | 3.1.1 | 149.00 | 464.00 | 613.00 | NOTE | |
r-patched-linux-x86_64 | 3.1.1 | 58.00 | 392.31 | 450.31 | OK | |
r-release-linux-x86_64 | 3.1.1 | 49.41 | 402.91 | 452.32 | OK | |
r-release-macos-arm64 | 3.1.1 | 138.00 | OK | |||
r-release-macos-x86_64 | 3.1.1 | 178.00 | OK | |||
r-release-windows-x86_64 | 3.1.1 | 210.00 | 438.00 | 648.00 | OK | |
r-oldrel-macos-arm64 | 3.1.1 | 129.00 | OK | |||
r-oldrel-macos-x86_64 | 3.1.1 | 173.00 | OK | |||
r-oldrel-windows-ix86+x86_64 | 3.1.1 | 168.00 | 679.00 | 847.00 | OK |
Version: 3.1.1
Check: C++ specification
Result: NOTE
Specified C++11: please update to current default of C++17
Flavors: r-devel-linux-x86_64-debian-gcc, r-devel-linux-x86_64-fedora-gcc, r-devel-windows-x86_64